CRAN Package Check Results for Package XLConnect

Last updated on 2019-11-21 08:50:00 CET.

Flavor Version Tinstall Tcheck Ttotal Status Flags
r-devel-linux-x86_64-debian-clang 0.2-15 10.84 164.94 175.78 NOTE
r-devel-linux-x86_64-debian-gcc 0.2-15 8.49 133.77 142.26 NOTE
r-devel-linux-x86_64-fedora-clang 0.2-15 214.68 NOTE
r-devel-linux-x86_64-fedora-gcc 0.2-15 209.30 NOTE
r-devel-windows-ix86+x86_64 0.2-15 26.00 7.00 33.00 ERROR
r-devel-windows-ix86+x86_64-gcc8 0.2-15 24.00 5.00 29.00 ERROR
r-patched-linux-x86_64 0.2-15 9.45 160.17 169.62 OK
r-patched-solaris-x86 0.2-15 184.50 NOTE
r-release-linux-x86_64 0.2-15 9.23 158.33 167.56 OK
r-release-windows-ix86+x86_64 0.2-15 19.00 180.00 199.00 NOTE
r-release-osx-x86_64 0.2-15 NOTE
r-oldrel-windows-ix86+x86_64 0.2-15 37.00 179.00 216.00 NOTE
r-oldrel-osx-x86_64 0.2-15 NOTE

Check Details

Version: 0.2-15
Check: for non-standard things in the check directory
Result: NOTE
    Found the following files/directories:
     'XLConnect.xlsx' 'autofilter.xlsx' 'cellstyles.xlsx'
     'createCellstyles.xlsx' 'createName.xlsx' 'createSheet.xlsx'
     'dataformat.xlsx' 'datatype.xlsx' 'dollar.xlsx' 'earthquake.png'
     'earthquake.xlsx' 'freezePaneTest.xlsx' 'hiddenWorksheet.xlsx'
     'iris.xlsx' 'mergeCells.xlsx' 'missingValue.xlsx' 'myDump.xlsx'
     'myWorkbook.xlsx' 'removePaneTest.xlsx' 'saveMe.xlsx'
     'setBorder.xlsx' 'setCellFormula.xls' 'setCellStyle.xlsx'
     'setDataFormat.xlsx' 'setFillBackgroundColor.xlsx'
     'setFillForegroundColor.xlsx' 'setFillPattern.xlsx'
     'setHyperlink.xlsx' 'setWrapText.xlsx' 'sheetcolor.xlsx'
     'splitPaneTest.xlsx' 'styleaction.xlsx' 'template-multi-ws.xlsx'
     'template-ws.xlsx' 'writeNamedRegion.xlsx' 'writeWorksheet.xlsx'
Flavors: r-devel-linux-x86_64-debian-clang, r-devel-linux-x86_64-debian-gcc, r-devel-linux-x86_64-fedora-clang, r-devel-linux-x86_64-fedora-gcc

Version: 0.2-15
Check: installed package size
Result: NOTE
     installed size is 12.0Mb
     sub-directories of 1Mb or more:
     java 9.8Mb
Flavors: r-devel-linux-x86_64-fedora-clang, r-patched-solaris-x86, r-release-windows-ix86+x86_64, r-release-osx-x86_64, r-oldrel-windows-ix86+x86_64, r-oldrel-osx-x86_64

Version: 0.2-15
Check: whether package can be installed
Result: ERROR
    Installation failed.
Flavors: r-devel-windows-ix86+x86_64, r-devel-windows-ix86+x86_64-gcc8