CRAN Package Check Results for Package acrt

Last updated on 2019-09-23 13:46:13 CEST.

Flavor Version Tinstall Tcheck Ttotal Status Flags
r-devel-linux-x86_64-debian-clang 1.0.1 56.05 26.49 82.54 OK
r-devel-linux-x86_64-debian-gcc 1.0.1 46.05 22.18 68.23 OK
r-devel-linux-x86_64-fedora-clang 1.0.1 127.49 NOTE
r-devel-linux-x86_64-fedora-gcc 1.0.1 120.67 NOTE
r-devel-windows-ix86+x86_64 1.0.1 129.00 91.00 220.00 OK
r-patched-linux-x86_64 1.0.1 54.18 27.39 81.57 OK
r-patched-solaris-x86 1.0.1 111.30 OK
r-release-linux-x86_64 1.0.1 47.57 27.10 74.67 OK
r-release-windows-ix86+x86_64 1.0.1 129.00 89.00 218.00 OK
r-release-osx-x86_64 1.0.1 NOTE
r-oldrel-windows-ix86+x86_64 1.0.1 85.00 55.00 140.00 OK
r-oldrel-osx-x86_64 1.0.1 NOTE

Check Details

Version: 1.0.1
Check: installed package size
Result: NOTE
     installed size is 6.9Mb
     sub-directories of 1Mb or more:
     libs 6.7Mb
Flavors: r-devel-linux-x86_64-fedora-clang, r-release-osx-x86_64, r-oldrel-osx-x86_64

Version: 1.0.1
Check: compiled code
Result: NOTE
    File ‘acrt/libs/acrt.so’:
     Found no calls to: ‘R_registerRoutines’, ‘R_useDynamicSymbols’
    
    It is good practice to register native routines and to disable symbol
    search.
    
    See ‘Writing portable packages’ in the ‘Writing R Extensions’ manual.
Flavors: r-devel-linux-x86_64-fedora-clang, r-devel-linux-x86_64-fedora-gcc