CRAN Package Check Results for Package adapr

Last updated on 2019-08-22 08:48:58 CEST.

Flavor Version Tinstall Tcheck Ttotal Status Flags
r-devel-linux-x86_64-debian-clang 2.0.0 8.12 45.75 53.87 NOTE
r-devel-linux-x86_64-debian-gcc 2.0.0 5.87 35.92 41.79 NOTE
r-devel-linux-x86_64-fedora-clang 2.0.0 65.01 NOTE
r-devel-linux-x86_64-fedora-gcc 2.0.0 62.77 NOTE
r-devel-windows-ix86+x86_64 2.0.0 20.00 103.00 123.00 NOTE
r-patched-linux-x86_64 2.0.0 7.96 45.72 53.68 NOTE
r-patched-solaris-x86 2.0.0 82.70 NOTE
r-release-linux-x86_64 2.0.0 7.91 45.41 53.32 NOTE
r-release-windows-ix86+x86_64 2.0.0 25.00 93.00 118.00 NOTE
r-release-osx-x86_64 2.0.0 NOTE
r-oldrel-windows-ix86+x86_64 2.0.0 18.00 89.00 107.00 NOTE
r-oldrel-osx-x86_64 2.0.0 NOTE

Check Details

Version: 2.0.0
Check: dependencies in R code
Result: NOTE
    Missing or unexported object: 'devtools::clean_source'
Flavors: r-devel-linux-x86_64-debian-clang, r-devel-linux-x86_64-debian-gcc, r-devel-windows-ix86+x86_64, r-patched-linux-x86_64, r-release-linux-x86_64, r-release-windows-ix86+x86_64, r-oldrel-windows-ix86+x86_64

Version: 2.0.0
Check: dependencies in R code
Result: NOTE
    Namespaces in Imports field not imported from:
     ‘plotly’ ‘shinydashboard’
     All declared Imports should be used.
    Missing or unexported object: ‘devtools::clean_source’
Flavors: r-devel-linux-x86_64-fedora-clang, r-devel-linux-x86_64-fedora-gcc, r-patched-solaris-x86, r-release-osx-x86_64

Version: 2.0.0
Check: dependencies in R code
Result: NOTE
    Namespaces in Imports field not imported from:
     ‘plotly’ ‘shinydashboard’
     All declared Imports should be used.
Flavor: r-oldrel-osx-x86_64