CRAN Package Check Results for Package afmToolkit

Last updated on 2021-01-24 07:50:40 CET.

Flavor Version Tinstall Tcheck Ttotal Status Flags
r-devel-linux-x86_64-debian-clang 0.0.1 6.95 65.72 72.67 OK
r-devel-linux-x86_64-debian-gcc 0.0.1 5.44 53.67 59.11 OK
r-devel-linux-x86_64-fedora-clang 0.0.1 104.27 NOTE
r-devel-linux-x86_64-fedora-gcc 0.0.1 90.83 NOTE
r-devel-windows-ix86+x86_64 0.0.1 16.00 86.00 102.00 OK
r-patched-linux-x86_64 0.0.1 5.36 66.77 72.13 OK
r-patched-solaris-x86 0.0.1 123.20 NOTE
r-release-linux-x86_64 0.0.1 7.55 66.45 74.00 OK
r-release-macos-x86_64 0.0.1 NOTE
r-release-windows-ix86+x86_64 0.0.1 23.00 89.00 112.00 OK
r-oldrel-macos-x86_64 0.0.1 NOTE
r-oldrel-windows-ix86+x86_64 0.0.1 12.00 83.00 95.00 OK

Check Details

Version: 0.0.1
Check: dependencies in R code
Result: NOTE
    Namespaces in Imports field not imported from:
     ‘DBI’ ‘assertthat’ ‘tibble’
     All declared Imports should be used.
Flavors: r-devel-linux-x86_64-fedora-clang, r-devel-linux-x86_64-fedora-gcc, r-patched-solaris-x86, r-release-macos-x86_64, r-oldrel-macos-x86_64