Last updated on 2021-01-16 07:49:09 CET.
Flavor | Version | Tinstall | Tcheck | Ttotal | Status | Flags |
---|---|---|---|---|---|---|
r-devel-linux-x86_64-debian-clang | 0.1.3 | 72.74 | 312.34 | 385.08 | OK | |
r-devel-linux-x86_64-debian-gcc | 0.1.3 | 47.95 | 229.52 | 277.47 | OK | |
r-devel-linux-x86_64-fedora-clang | 0.1.3 | 490.92 | NOTE | |||
r-devel-linux-x86_64-fedora-gcc | 0.1.3 | 463.97 | OK | |||
r-devel-windows-ix86+x86_64 | 0.1.3 | 120.00 | 416.00 | 536.00 | OK | |
r-patched-linux-x86_64 | 0.1.3 | 56.56 | 290.21 | 346.77 | OK | |
r-patched-solaris-x86 | 0.1.3 | 585.00 | OK | |||
r-release-linux-x86_64 | 0.1.3 | 57.74 | 295.83 | 353.57 | OK | |
r-release-macos-x86_64 | 0.1.3 | OK | ||||
r-release-windows-ix86+x86_64 | 0.1.3 | 128.00 | 454.00 | 582.00 | OK | |
r-oldrel-macos-x86_64 | 0.1.3 | OK | ||||
r-oldrel-windows-ix86+x86_64 | 0.1.3 | 145.00 | 501.00 | 646.00 | OK |
Version: 0.1.3
Check: package dependencies
Result: NOTE
Imports includes 24 non-default packages.
Importing from so many packages makes the package vulnerable to any of
them becoming unavailable. Move as many as possible to Suggests and
use conditionally.
Flavor: r-devel-linux-x86_64-fedora-clang