CRAN Package Check Results for Package anomaly

Last updated on 2021-01-27 06:48:16 CET.

Flavor Version Tinstall Tcheck Ttotal Status Flags
r-devel-linux-x86_64-debian-clang 4.0.1 69.18 106.12 175.30 OK
r-devel-linux-x86_64-debian-gcc 4.0.1 42.04 78.16 120.20 OK
r-devel-linux-x86_64-fedora-clang 4.0.1 281.20 NOTE
r-devel-linux-x86_64-fedora-gcc 4.0.1 214.58 OK
r-devel-windows-ix86+x86_64 4.0.1 178.00 217.00 395.00 NOTE
r-patched-linux-x86_64 4.0.1 53.04 99.54 152.58 OK
r-patched-solaris-x86 4.0.1 229.20 NOTE
r-release-linux-x86_64 4.0.1 49.99 99.79 149.78 OK
r-release-macos-x86_64 4.0.1 NOTE
r-release-windows-ix86+x86_64 4.0.1 177.00 209.00 386.00 NOTE
r-oldrel-macos-x86_64 4.0.1 NOTE
r-oldrel-windows-ix86+x86_64 4.0.1 140.00 169.00 309.00 NOTE

Check Details

Version: 4.0.1
Check: installed package size
Result: NOTE
     installed size is 7.2Mb
     sub-directories of 1Mb or more:
     data 4.1Mb
     libs 2.7Mb
Flavors: r-devel-linux-x86_64-fedora-clang, r-devel-windows-ix86+x86_64, r-patched-solaris-x86, r-release-macos-x86_64, r-release-windows-ix86+x86_64, r-oldrel-macos-x86_64, r-oldrel-windows-ix86+x86_64