CRAN Package Check Results for Package antitrust

Last updated on 2019-11-13 13:46:55 CET.

Flavor Version Tinstall Tcheck Ttotal Status Flags
r-devel-linux-x86_64-debian-clang 0.99.11 9.50 75.25 84.75 OK
r-devel-linux-x86_64-debian-gcc 0.99.11 8.79 58.49 67.28 OK
r-devel-linux-x86_64-fedora-clang 0.99.11 107.62 NOTE
r-devel-linux-x86_64-fedora-gcc 0.99.11 107.64 NOTE
r-devel-windows-ix86+x86_64 0.99.11 31.00 129.00 160.00 OK
r-patched-linux-x86_64 0.99.11 9.57 73.58 83.15 OK
r-patched-solaris-x86 0.99.11 133.50 NOTE
r-release-linux-x86_64 0.99.11 9.76 72.74 82.50 OK
r-release-windows-ix86+x86_64 0.99.11 22.00 93.00 115.00 OK
r-release-osx-x86_64 0.99.11 NOTE
r-oldrel-windows-ix86+x86_64 0.99.11 12.00 127.00 139.00 OK
r-oldrel-osx-x86_64 0.99.11 NOTE

Check Details

Version: 0.99.11
Check: dependencies in R code
Result: NOTE
    Namespaces in Imports field not imported from:
     ‘MASS’ ‘evd’
     All declared Imports should be used.
Flavors: r-devel-linux-x86_64-fedora-clang, r-devel-linux-x86_64-fedora-gcc, r-patched-solaris-x86, r-release-osx-x86_64, r-oldrel-osx-x86_64