CRAN Package Check Results for Package antitrust

Last updated on 2020-10-01 13:49:04 CEST.

Flavor Version Tinstall Tcheck Ttotal Status Flags
r-devel-linux-x86_64-debian-clang 0.99.14 13.12 78.08 91.20 OK
r-devel-linux-x86_64-debian-gcc 0.99.14 10.11 58.72 68.83 OK
r-devel-linux-x86_64-fedora-clang 0.99.14 116.38 NOTE
r-devel-linux-x86_64-fedora-gcc 0.99.14 105.87 NOTE
r-devel-windows-ix86+x86_64 0.99.14 24.00 105.00 129.00 OK
r-patched-linux-x86_64 0.99.14 11.91 74.03 85.94 OK
r-patched-solaris-x86 0.99.14 127.50 NOTE
r-release-linux-x86_64 0.99.14 11.00 74.62 85.62 OK
r-release-macos-x86_64 0.99.14 NOTE
r-release-windows-ix86+x86_64 0.99.14 35.00 91.00 126.00 OK
r-oldrel-macos-x86_64 0.99.14 NOTE
r-oldrel-windows-ix86+x86_64 0.99.14 13.00 102.00 115.00 OK

Check Details

Version: 0.99.14
Check: dependencies in R code
Result: NOTE
    Namespaces in Imports field not imported from:
     ‘MASS’ ‘evd’
     All declared Imports should be used.
Flavors: r-devel-linux-x86_64-fedora-clang, r-devel-linux-x86_64-fedora-gcc, r-patched-solaris-x86, r-release-macos-x86_64, r-oldrel-macos-x86_64

Version: 0.99.14
Check: Rd cross-references
Result: NOTE
    Undeclared package ‘competitiontoolbox’ in Rd xrefs
Flavor: r-devel-linux-x86_64-fedora-clang