CRAN Package Check Results for Package aroma.apd

Last updated on 2020-10-24 13:50:02 CEST.

Flavor Version Tinstall Tcheck Ttotal Status Flags
r-devel-linux-x86_64-debian-clang 0.6.0 3.75 34.45 38.20 OK
r-devel-linux-x86_64-debian-gcc 0.6.0 2.85 27.13 29.98 OK
r-devel-linux-x86_64-fedora-clang 0.6.0 54.97 OK
r-devel-linux-x86_64-fedora-gcc 0.6.0 45.47 OK
r-devel-windows-ix86+x86_64 0.6.0 8.00 56.00 64.00 OK
r-patched-linux-x86_64 0.6.0 3.71 33.30 37.01 OK
r-patched-solaris-x86 0.6.0 72.40 OK
r-release-linux-x86_64 0.6.0 2.84 33.53 36.37 OK
r-release-macos-x86_64 0.6.0 OK
r-release-windows-ix86+x86_64 0.6.0 6.00 70.00 76.00 OK
r-oldrel-macos-x86_64 0.6.0 NOTE
r-oldrel-windows-ix86+x86_64 0.6.0 6.00 58.00 64.00 OK

Check Details

Version: 0.6.0
Check: package dependencies
Result: NOTE
    Package suggested but not available for checking: ‘affxparser’
Flavor: r-oldrel-macos-x86_64

Version: 0.6.0
Check: Rd cross-references
Result: NOTE
    Package unavailable to check Rd xrefs: ‘affxparser’
Flavor: r-oldrel-macos-x86_64