CRAN Package Check Results for Package aroma.apd

Last updated on 2019-10-22 13:46:14 CEST.

Flavor Version Tinstall Tcheck Ttotal Status Flags
r-devel-linux-x86_64-debian-clang 0.6.0 3.50 30.20 33.70 OK
r-devel-linux-x86_64-debian-gcc 0.6.0 2.69 24.60 27.29 OK
r-devel-linux-x86_64-fedora-clang 0.6.0 41.24 OK
r-devel-linux-x86_64-fedora-gcc 0.6.0 40.30 OK
r-devel-windows-ix86+x86_64 0.6.0 8.00 47.00 55.00 OK
r-patched-linux-x86_64 0.6.0 2.46 30.05 32.51 OK
r-patched-solaris-x86 0.6.0 65.00 OK
r-release-linux-x86_64 0.6.0 2.50 30.04 32.54 OK
r-release-windows-ix86+x86_64 0.6.0 11.00 66.00 77.00 OK
r-release-osx-x86_64 0.6.0 NOTE
r-oldrel-windows-ix86+x86_64 0.6.0 7.00 64.00 71.00 OK
r-oldrel-osx-x86_64 0.6.0 OK

Check Details

Version: 0.6.0
Check: package dependencies
Result: NOTE
    Package suggested but not available for checking: ‘affxparser’
Flavor: r-release-osx-x86_64

Version: 0.6.0
Check: Rd cross-references
Result: NOTE
    Package unavailable to check Rd xrefs: ‘affxparser’
Flavor: r-release-osx-x86_64