CRAN Package Check Results for Package arulesViz

Last updated on 2020-01-23 11:47:12 CET.

Flavor Version Tinstall Tcheck Ttotal Status Flags
r-devel-linux-x86_64-debian-clang 1.3-3 17.17 138.58 155.75 OK
r-devel-linux-x86_64-debian-gcc 1.3-3 13.29 103.41 116.70 OK
r-devel-linux-x86_64-fedora-clang 1.3-3 188.86 OK
r-devel-linux-x86_64-fedora-gcc 1.3-3 176.40 OK
r-devel-windows-ix86+x86_64 1.3-3 51.00 218.00 269.00 OK
r-devel-windows-ix86+x86_64-gcc8 1.3-3 48.00 211.00 259.00 OK
r-patched-linux-x86_64 1.3-3 11.14 121.42 132.56 OK
r-patched-solaris-x86 1.3-3 235.10 OK
r-release-linux-x86_64 1.3-3 12.05 119.91 131.96 OK
r-release-windows-ix86+x86_64 1.3-3 24.00 197.00 221.00 OK
r-release-osx-x86_64 1.3-3 NOTE
r-oldrel-windows-ix86+x86_64 1.3-3 13.00 130.00 143.00 OK
r-oldrel-osx-x86_64 1.3-3 OK

Check Details

Version: 1.3-3
Check: package dependencies
Result: NOTE
    Packages suggested but not available for checking: 'graph', 'Rgraphviz'
Flavor: r-release-osx-x86_64