CRAN Package Check Results for Package asremlPlus

Last updated on 2021-01-18 06:46:28 CET.

Flavor Version Tinstall Tcheck Ttotal Status Flags
r-devel-linux-x86_64-debian-clang 4.2-26 14.89 185.52 200.41 NOTE
r-devel-linux-x86_64-debian-gcc 4.2-26 14.25 136.74 150.99 NOTE
r-devel-linux-x86_64-fedora-clang 4.2-26 244.81 NOTE
r-devel-linux-x86_64-fedora-gcc 4.2-26 234.59 NOTE
r-devel-windows-ix86+x86_64 4.2-26 22.00 196.00 218.00 NOTE
r-patched-linux-x86_64 4.2-26 14.38 172.49 186.87 NOTE
r-patched-solaris-x86 4.2-26 293.60 NOTE
r-release-linux-x86_64 4.2-26 15.83 172.79 188.62 NOTE
r-release-macos-x86_64 4.2-26 NOTE
r-release-windows-ix86+x86_64 4.2-26 25.00 165.00 190.00 NOTE
r-oldrel-macos-x86_64 4.2-26 NOTE
r-oldrel-windows-ix86+x86_64 4.2-26 26.00 159.00 185.00 NOTE

Check Details

Version: 4.2-26
Check: package dependencies
Result: NOTE
    Package which this enhances but not available for checking: 'asreml'
Flavors: r-devel-linux-x86_64-debian-clang, r-devel-linux-x86_64-debian-gcc, r-devel-linux-x86_64-fedora-clang, r-devel-linux-x86_64-fedora-gcc, r-devel-windows-ix86+x86_64, r-patched-linux-x86_64, r-patched-solaris-x86, r-release-linux-x86_64, r-release-macos-x86_64, r-release-windows-ix86+x86_64, r-oldrel-macos-x86_64, r-oldrel-windows-ix86+x86_64