CRAN Package Check Results for Package assertr

Last updated on 2020-01-29 13:47:39 CET.

Flavor Version Tinstall Tcheck Ttotal Status Flags
r-devel-linux-x86_64-debian-clang 2.6 3.18 37.77 40.95 ERROR
r-devel-linux-x86_64-debian-gcc 2.6 2.57 28.83 31.40 ERROR
r-devel-linux-x86_64-fedora-clang 2.6 49.63 ERROR
r-devel-linux-x86_64-fedora-gcc 2.6 48.02 ERROR
r-devel-windows-ix86+x86_64 2.6 7.00 52.00 59.00 OK
r-devel-windows-ix86+x86_64-gcc8 2.6 12.00 70.00 82.00 OK
r-patched-linux-x86_64 2.6 OK
r-patched-solaris-x86 2.6 60.40 ERROR
r-release-linux-x86_64 2.6 2.76 33.24 36.00 ERROR
r-release-windows-ix86+x86_64 2.6 5.00 49.00 54.00 OK
r-release-osx-x86_64 2.6 OK
r-oldrel-windows-ix86+x86_64 2.6 5.00 56.00 61.00 OK
r-oldrel-osx-x86_64 2.6 OK

Check Details

Version: 2.6
Check: tests
Result: ERROR
     Running 'testthat.R' [7s/8s]
    Running the tests in 'tests/testthat.R' failed.
    Complete output:
     > library(testthat)
     > library(assertr)
     >
     > test_check("assertr")
     -- 1. Failure: assert breaks appropriately (@test-assertions.R#224) -----------
     `assert(mtcars, in_set(0, 1), vs, tree)` threw an error with unexpected message.
     Expected match: "object 'tree' not found"
     Actual message: "Can't subset columns that don't exist.\nx The column `tree` doesn't exist."
     Backtrace:
     1. testthat::expect_error(...)
     27. vctrs:::stop_subscript_oob(...)
     28. vctrs:::stop_subscript(...)
    
     -- 2. Failure: assert_rows breaks appropriately (@test-assertions.R#290) ------
     `assert_rows(mtcars, rowSums, in_set(0, 1, 2), vs, am, tree)` threw an error with unexpected message.
     Expected match: "object 'tree' not found"
     Actual message: "Can't subset columns that don't exist.\nx The column `tree` doesn't exist."
     Backtrace:
     1. testthat::expect_error(...)
     27. vctrs:::stop_subscript_oob(...)
     28. vctrs:::stop_subscript(...)
    
     -- 3. Failure: insist breaks appropriately (@test-assertions.R#341) -----------
     `insist(mtcars, within_n_sds(5), tree)` threw an error with unexpected message.
     Expected match: "object 'tree' not found"
     Actual message: "Can't subset columns that don't exist.\nx The column `tree` doesn't exist."
     Backtrace:
     1. testthat::expect_error(...)
     27. vctrs:::stop_subscript_oob(...)
     28. vctrs:::stop_subscript(...)
    
     == testthat results ===========================================================
     [ OK: 388 | SKIPPED: 0 | WARNINGS: 9 | FAILED: 3 ]
     1. Failure: assert breaks appropriately (@test-assertions.R#224)
     2. Failure: assert_rows breaks appropriately (@test-assertions.R#290)
     3. Failure: insist breaks appropriately (@test-assertions.R#341)
    
     Error: testthat unit tests failed
     Execution halted
Flavor: r-devel-linux-x86_64-debian-clang

Version: 2.6
Check: tests
Result: ERROR
     Running ‘testthat.R’ [5s/7s]
    Running the tests in ‘tests/testthat.R’ failed.
    Complete output:
     > library(testthat)
     > library(assertr)
     >
     > test_check("assertr")
     ── 1. Failure: assert breaks appropriately (@test-assertions.R#224) ───────────
     `assert(mtcars, in_set(0, 1), vs, tree)` threw an error with unexpected message.
     Expected match: "object 'tree' not found"
     Actual message: "Can't subset columns that don't exist.\n✖ The column `tree` doesn't exist."
     Backtrace:
     1. testthat::expect_error(...)
     27. vctrs:::stop_subscript_oob(...)
     28. vctrs:::stop_subscript(...)
    
     ── 2. Failure: assert_rows breaks appropriately (@test-assertions.R#290) ──────
     `assert_rows(mtcars, rowSums, in_set(0, 1, 2), vs, am, tree)` threw an error with unexpected message.
     Expected match: "object 'tree' not found"
     Actual message: "Can't subset columns that don't exist.\n✖ The column `tree` doesn't exist."
     Backtrace:
     1. testthat::expect_error(...)
     27. vctrs:::stop_subscript_oob(...)
     28. vctrs:::stop_subscript(...)
    
     ── 3. Failure: insist breaks appropriately (@test-assertions.R#341) ───────────
     `insist(mtcars, within_n_sds(5), tree)` threw an error with unexpected message.
     Expected match: "object 'tree' not found"
     Actual message: "Can't subset columns that don't exist.\n✖ The column `tree` doesn't exist."
     Backtrace:
     1. testthat::expect_error(...)
     27. vctrs:::stop_subscript_oob(...)
     28. vctrs:::stop_subscript(...)
    
     ══ testthat results ═══════════════════════════════════════════════════════════
     [ OK: 388 | SKIPPED: 0 | WARNINGS: 9 | FAILED: 3 ]
     1. Failure: assert breaks appropriately (@test-assertions.R#224)
     2. Failure: assert_rows breaks appropriately (@test-assertions.R#290)
     3. Failure: insist breaks appropriately (@test-assertions.R#341)
    
     Error: testthat unit tests failed
     Execution halted
Flavor: r-devel-linux-x86_64-debian-gcc

Version: 2.6
Check: tests
Result: ERROR
     Running ‘testthat.R’ [7s/10s]
    Running the tests in ‘tests/testthat.R’ failed.
    Complete output:
     > library(testthat)
     > library(assertr)
     >
     > test_check("assertr")
     ── 1. Failure: assert breaks appropriately (@test-assertions.R#224) ───────────
     `assert(mtcars, in_set(0, 1), vs, tree)` threw an error with unexpected message.
     Expected match: "object 'tree' not found"
     Actual message: "Can't subset columns that don't exist.\n✖ The column `tree` doesn't exist."
     Backtrace:
     1. testthat::expect_error(...)
     27. vctrs:::stop_subscript_oob(...)
     28. vctrs:::stop_subscript(...)
    
     ── 2. Failure: assert_rows breaks appropriately (@test-assertions.R#290) ──────
     `assert_rows(mtcars, rowSums, in_set(0, 1, 2), vs, am, tree)` threw an error with unexpected message.
     Expected match: "object 'tree' not found"
     Actual message: "Can't subset columns that don't exist.\n✖ The column `tree` doesn't exist."
     Backtrace:
     1. testthat::expect_error(...)
     27. vctrs:::stop_subscript_oob(...)
     28. vctrs:::stop_subscript(...)
    
     ── 3. Failure: insist breaks appropriately (@test-assertions.R#341) ───────────
     `insist(mtcars, within_n_sds(5), tree)` threw an error with unexpected message.
     Expected match: "object 'tree' not found"
     Actual message: "Can't subset columns that don't exist.\n✖ The column `tree` doesn't exist."
     Backtrace:
     1. testthat::expect_error(...)
     27. vctrs:::stop_subscript_oob(...)
     28. vctrs:::stop_subscript(...)
    
     ══ testthat results ═══════════════════════════════════════════════════════════
     [ OK: 388 | SKIPPED: 0 | WARNINGS: 9 | FAILED: 3 ]
     1. Failure: assert breaks appropriately (@test-assertions.R#224)
     2. Failure: assert_rows breaks appropriately (@test-assertions.R#290)
     3. Failure: insist breaks appropriately (@test-assertions.R#341)
    
     Error: testthat unit tests failed
     Execution halted
Flavor: r-devel-linux-x86_64-fedora-clang

Version: 2.6
Check: tests
Result: ERROR
     Running ‘testthat.R’
    Running the tests in ‘tests/testthat.R’ failed.
    Complete output:
     > library(testthat)
     > library(assertr)
     >
     > test_check("assertr")
     ── 1. Failure: assert breaks appropriately (@test-assertions.R#224) ───────────
     `assert(mtcars, in_set(0, 1), vs, tree)` threw an error with unexpected message.
     Expected match: "object 'tree' not found"
     Actual message: "Can't subset columns that don't exist.\n✖ The column `tree` doesn't exist."
     Backtrace:
     1. testthat::expect_error(...)
     27. vctrs:::stop_subscript_oob(...)
     28. vctrs:::stop_subscript(...)
    
     ── 2. Failure: assert_rows breaks appropriately (@test-assertions.R#290) ──────
     `assert_rows(mtcars, rowSums, in_set(0, 1, 2), vs, am, tree)` threw an error with unexpected message.
     Expected match: "object 'tree' not found"
     Actual message: "Can't subset columns that don't exist.\n✖ The column `tree` doesn't exist."
     Backtrace:
     1. testthat::expect_error(...)
     27. vctrs:::stop_subscript_oob(...)
     28. vctrs:::stop_subscript(...)
    
     ── 3. Failure: insist breaks appropriately (@test-assertions.R#341) ───────────
     `insist(mtcars, within_n_sds(5), tree)` threw an error with unexpected message.
     Expected match: "object 'tree' not found"
     Actual message: "Can't subset columns that don't exist.\n✖ The column `tree` doesn't exist."
     Backtrace:
     1. testthat::expect_error(...)
     27. vctrs:::stop_subscript_oob(...)
     28. vctrs:::stop_subscript(...)
    
     ══ testthat results ═══════════════════════════════════════════════════════════
     [ OK: 388 | SKIPPED: 0 | WARNINGS: 9 | FAILED: 3 ]
     1. Failure: assert breaks appropriately (@test-assertions.R#224)
     2. Failure: assert_rows breaks appropriately (@test-assertions.R#290)
     3. Failure: insist breaks appropriately (@test-assertions.R#341)
    
     Error: testthat unit tests failed
     Execution halted
Flavors: r-devel-linux-x86_64-fedora-gcc, r-patched-solaris-x86

Version: 2.6
Check: tests
Result: ERROR
     Running ‘testthat.R’ [5s/6s]
    Running the tests in ‘tests/testthat.R’ failed.
    Complete output:
     > library(testthat)
     > library(assertr)
     >
     > test_check("assertr")
     ── 1. Failure: assert breaks appropriately (@test-assertions.R#224) ───────────
     `assert(mtcars, in_set(0, 1), vs, tree)` threw an error with unexpected message.
     Expected match: "object 'tree' not found"
     Actual message: "Can't subset columns that don't exist.\n✖ The column `tree` doesn't exist."
     Backtrace:
     1. testthat::expect_error(...)
     27. vctrs:::stop_subscript_oob(...)
     28. vctrs:::stop_subscript(...)
    
     ── 2. Failure: assert_rows breaks appropriately (@test-assertions.R#290) ──────
     `assert_rows(mtcars, rowSums, in_set(0, 1, 2), vs, am, tree)` threw an error with unexpected message.
     Expected match: "object 'tree' not found"
     Actual message: "Can't subset columns that don't exist.\n✖ The column `tree` doesn't exist."
     Backtrace:
     1. testthat::expect_error(...)
     27. vctrs:::stop_subscript_oob(...)
     28. vctrs:::stop_subscript(...)
    
     ── 3. Failure: insist breaks appropriately (@test-assertions.R#341) ───────────
     `insist(mtcars, within_n_sds(5), tree)` threw an error with unexpected message.
     Expected match: "object 'tree' not found"
     Actual message: "Can't subset columns that don't exist.\n✖ The column `tree` doesn't exist."
     Backtrace:
     1. testthat::expect_error(...)
     27. vctrs:::stop_subscript_oob(...)
     28. vctrs:::stop_subscript(...)
    
     ══ testthat results ═══════════════════════════════════════════════════════════
     [ OK: 388 | SKIPPED: 0 | WARNINGS: 9 | FAILED: 3 ]
     1. Failure: assert breaks appropriately (@test-assertions.R#224)
     2. Failure: assert_rows breaks appropriately (@test-assertions.R#290)
     3. Failure: insist breaks appropriately (@test-assertions.R#341)
    
     Error: testthat unit tests failed
     Execution halted
Flavor: r-release-linux-x86_64