CRAN Package Check Results for Package av

Last updated on 2021-03-04 06:47:26 CET.

Flavor Version Tinstall Tcheck Ttotal Status Flags
r-devel-linux-x86_64-debian-clang 0.5.1 5.34 69.54 74.88 OK
r-devel-linux-x86_64-debian-gcc 0.5.1 3.66 52.04 55.70 OK
r-devel-linux-x86_64-fedora-clang 0.5.1 101.45 NOTE
r-devel-linux-x86_64-fedora-gcc 0.5.1 86.10 NOTE
r-devel-windows-ix86+x86_64 0.5.1 39.00 304.00 343.00 NOTE
r-patched-linux-x86_64 0.5.1 4.80 67.37 72.17 OK
r-release-linux-x86_64 0.5.1 4.57 67.69 72.26 OK
r-release-macos-x86_64 0.5.1 NOTE
r-release-windows-ix86+x86_64 0.5.1 39.00 259.00 298.00 NOTE
r-oldrel-macos-x86_64 0.5.1 NOTE
r-oldrel-windows-ix86+x86_64 0.5.1 55.00 340.00 395.00 NOTE

Check Details

Version: 0.5.1
Check: top-level files
Result: NOTE
    ‘configure’: ‘env bash’ is not portable as bash need not be installed
Flavors: r-devel-linux-x86_64-fedora-clang, r-devel-linux-x86_64-fedora-gcc

Version: 0.5.1
Check: installed package size
Result: NOTE
     installed size is 56.6Mb
     sub-directories of 1Mb or more:
     libs 55.8Mb
Flavors: r-devel-windows-ix86+x86_64, r-release-macos-x86_64, r-release-windows-ix86+x86_64, r-oldrel-macos-x86_64, r-oldrel-windows-ix86+x86_64