CRAN Package Check Results for Package babynames

Last updated on 2019-12-11 13:47:26 CET.

Flavor Version Tinstall Tcheck Ttotal Status Flags
r-devel-linux-x86_64-debian-clang 1.0.0 12.01 38.08 50.09 OK
r-devel-linux-x86_64-debian-gcc 1.0.0 10.87 30.52 41.39 OK
r-devel-linux-x86_64-fedora-clang 1.0.0 64.69 NOTE
r-devel-linux-x86_64-fedora-gcc 1.0.0 64.12 OK
r-devel-windows-ix86+x86_64 1.0.0 18.00 65.00 83.00 NOTE
r-devel-windows-ix86+x86_64-gcc8 1.0.0 19.00 67.00 86.00 NOTE
r-patched-linux-x86_64 1.0.0 10.79 35.30 46.09 OK
r-patched-solaris-x86 1.0.0 103.20 NOTE
r-release-linux-x86_64 1.0.0 10.51 35.03 45.54 OK
r-release-windows-ix86+x86_64 1.0.0 14.00 44.00 58.00 NOTE
r-release-osx-x86_64 1.0.0 NOTE
r-oldrel-windows-ix86+x86_64 1.0.0 12.00 48.00 60.00 NOTE
r-oldrel-osx-x86_64 1.0.0 NOTE

Check Details

Version: 1.0.0
Check: installed package size
Result: NOTE
     installed size is 9.5Mb
     sub-directories of 1Mb or more:
     data 9.4Mb
Flavors: r-devel-linux-x86_64-fedora-clang, r-devel-windows-ix86+x86_64, r-devel-windows-ix86+x86_64-gcc8, r-patched-solaris-x86, r-release-windows-ix86+x86_64, r-release-osx-x86_64, r-oldrel-windows-ix86+x86_64, r-oldrel-osx-x86_64