CRAN Package Check Results for Package babynames

Last updated on 2019-08-22 13:46:07 CEST.

Flavor Version Tinstall Tcheck Ttotal Status Flags
r-devel-linux-x86_64-debian-clang 1.0.0 12.90 35.92 48.82 OK
r-devel-linux-x86_64-debian-gcc 1.0.0 10.85 28.68 39.53 OK
r-devel-linux-x86_64-fedora-clang 1.0.0 63.72 NOTE
r-devel-linux-x86_64-fedora-gcc 1.0.0 60.04 OK
r-devel-windows-ix86+x86_64 1.0.0 25.00 72.00 97.00 NOTE
r-patched-linux-x86_64 1.0.0 11.55 34.85 46.40 OK
r-patched-solaris-x86 1.0.0 106.20 NOTE
r-release-linux-x86_64 1.0.0 11.39 34.54 45.93 OK
r-release-windows-ix86+x86_64 1.0.0 21.00 70.00 91.00 NOTE
r-release-osx-x86_64 1.0.0 NOTE
r-oldrel-windows-ix86+x86_64 1.0.0 19.00 69.00 88.00 NOTE
r-oldrel-osx-x86_64 1.0.0 NOTE

Check Details

Version: 1.0.0
Check: installed package size
Result: NOTE
     installed size is 9.5Mb
     sub-directories of 1Mb or more:
     data 9.4Mb
Flavors: r-devel-linux-x86_64-fedora-clang, r-devel-windows-ix86+x86_64, r-patched-solaris-x86, r-release-windows-ix86+x86_64, r-release-osx-x86_64, r-oldrel-windows-ix86+x86_64, r-oldrel-osx-x86_64