Last updated on 2019-12-05 13:46:35 CET.
Flavor | Version | Tinstall | Tcheck | Ttotal | Status | Flags |
---|---|---|---|---|---|---|
r-devel-linux-x86_64-debian-clang | 1.1.5 | 2.57 | 26.47 | 29.04 | OK | |
r-devel-linux-x86_64-debian-gcc | 1.1.5 | 2.07 | 21.15 | 23.22 | OK | |
r-devel-linux-x86_64-fedora-clang | 1.1.5 | 35.21 | OK | |||
r-devel-linux-x86_64-fedora-gcc | 1.1.5 | 34.52 | OK | |||
r-devel-windows-ix86+x86_64 | 1.1.5 | 1.00 | 7.00 | 8.00 | ERROR | |
r-devel-windows-ix86+x86_64-gcc8 | 1.1.5 | 11.00 | 61.00 | 72.00 | OK | |
r-patched-linux-x86_64 | 1.1.5 | 1.81 | 24.59 | 26.40 | OK | |
r-patched-solaris-x86 | 1.1.5 | 55.60 | OK | |||
r-release-linux-x86_64 | 1.1.5 | 2.06 | 24.61 | 26.67 | OK | |
r-release-windows-ix86+x86_64 | 1.1.5 | 9.00 | 51.00 | 60.00 | OK | |
r-release-osx-x86_64 | 1.1.5 | OK | ||||
r-oldrel-windows-ix86+x86_64 | 1.1.5 | 6.00 | 52.00 | 58.00 | OK | |
r-oldrel-osx-x86_64 | 1.1.5 | OK |
Version: 1.1.5
Check: whether package can be installed
Result: ERROR
Installation failed.
Flavor: r-devel-windows-ix86+x86_64