CRAN Package Check Results for Package baitmet

Last updated on 2019-10-22 13:46:14 CEST.

Flavor Version Tinstall Tcheck Ttotal Status Flags
r-devel-linux-x86_64-debian-clang 1.0.1 8.95 76.05 85.00 OK
r-devel-linux-x86_64-debian-gcc 1.0.1 9.37 60.46 69.83 OK
r-devel-linux-x86_64-fedora-clang 1.0.1 103.76 OK
r-devel-linux-x86_64-fedora-gcc 1.0.1 104.44 NOTE
r-devel-windows-ix86+x86_64 1.0.1 25.00 90.00 115.00 OK
r-patched-linux-x86_64 1.0.1 8.78 74.73 83.51 OK
r-patched-solaris-x86 1.0.1 154.70 NOTE
r-release-linux-x86_64 1.0.1 10.19 75.28 85.47 OK
r-release-windows-ix86+x86_64 1.0.1 31.00 109.00 140.00 OK
r-release-osx-x86_64 1.0.1 NOTE
r-oldrel-windows-ix86+x86_64 1.0.1 21.00 121.00 142.00 OK
r-oldrel-osx-x86_64 1.0.1 NOTE

Check Details

Version: 1.0.1
Check: package dependencies
Result: NOTE
    Package suggested but not available for checking: ‘mzR’
Flavors: r-devel-linux-x86_64-fedora-gcc, r-patched-solaris-x86, r-release-osx-x86_64, r-oldrel-osx-x86_64