CRAN Package Check Results for Package bamlss

Last updated on 2020-02-17 13:49:29 CET.

Flavor Version Tinstall Tcheck Ttotal Status Flags
r-devel-linux-x86_64-debian-clang 1.1-1 65.19 332.17 397.36 WARN
r-devel-linux-x86_64-debian-gcc 1.1-1 57.76 239.02 296.78 WARN
r-devel-linux-x86_64-fedora-clang 1.1-1 456.02 WARN
r-devel-linux-x86_64-fedora-gcc 1.1-1 458.12 WARN
r-devel-windows-ix86+x86_64 1.1-1 86.00 378.00 464.00 NOTE
r-devel-windows-ix86+x86_64-gcc8 1.1-1 116.00 458.00 574.00 NOTE
r-patched-linux-x86_64 1.1-1 57.08 289.75 346.83 OK
r-patched-solaris-x86 1.1-1 494.90 NOTE
r-release-linux-x86_64 1.1-1 55.69 287.55 343.24 OK
r-release-windows-ix86+x86_64 1.1-1 71.00 323.00 394.00 NOTE
r-release-osx-x86_64 1.1-1 NOTE
r-oldrel-windows-ix86+x86_64 1.1-1 65.00 295.00 360.00 NOTE
r-oldrel-osx-x86_64 1.1-1 NOTE

Check Details

Version: 1.1-1
Check: data for non-ASCII characters
Result: WARN
     Error loading dataset 'AustriaTopo':
     Error in .requirePackage(package) :
     unable to find required package 'raster'
    
     The dataset(s) may use package(s) not declared in Depends/Imports.
Flavors: r-devel-linux-x86_64-debian-clang, r-devel-linux-x86_64-debian-gcc, r-devel-linux-x86_64-fedora-clang, r-devel-linux-x86_64-fedora-gcc

Version: 1.1-1
Check: package dependencies
Result: NOTE
    Suggests orphaned package: ‘bit’
Flavor: r-devel-linux-x86_64-fedora-clang

Version: 1.1-1
Check: installed package size
Result: NOTE
     installed size is 5.8Mb
     sub-directories of 1Mb or more:
     R 2.1Mb
     doc 2.0Mb
Flavors: r-devel-linux-x86_64-fedora-clang, r-devel-windows-ix86+x86_64, r-devel-windows-ix86+x86_64-gcc8, r-patched-solaris-x86, r-release-windows-ix86+x86_64, r-release-osx-x86_64, r-oldrel-windows-ix86+x86_64, r-oldrel-osx-x86_64

Version: 1.1-1
Check: dependencies in R code
Result: NOTE
    No protocol specified
    No protocol specified
Flavors: r-release-osx-x86_64, r-oldrel-osx-x86_64