CRAN Package Check Results for Package banxicoR

Last updated on 2020-02-17 13:49:29 CET.

Flavor Version Tinstall Tcheck Ttotal Status Flags
r-devel-linux-x86_64-debian-clang 0.9.0 2.70 26.52 29.22 OK
r-devel-linux-x86_64-debian-gcc 0.9.0 2.37 21.08 23.45 OK
r-devel-linux-x86_64-fedora-clang 0.9.0 36.16 NOTE
r-devel-linux-x86_64-fedora-gcc 0.9.0 35.14 NOTE
r-devel-windows-ix86+x86_64 0.9.0 8.00 43.00 51.00 OK
r-devel-windows-ix86+x86_64-gcc8 0.9.0 11.00 59.00 70.00 OK
r-patched-linux-x86_64 0.9.0 2.21 23.36 25.57 OK
r-patched-solaris-x86 0.9.0 52.50 NOTE
r-release-linux-x86_64 0.9.0 2.25 23.36 25.61 OK
r-release-windows-ix86+x86_64 0.9.0 6.00 39.00 45.00 OK
r-release-osx-x86_64 0.9.0 NOTE
r-oldrel-windows-ix86+x86_64 0.9.0 3.00 53.00 56.00 OK
r-oldrel-osx-x86_64 0.9.0 NOTE

Check Details

Version: 0.9.0
Check: data for non-ASCII characters
Result: NOTE
     Note: found 148 marked UTF-8 strings
Flavors: r-devel-linux-x86_64-fedora-clang, r-devel-linux-x86_64-fedora-gcc, r-patched-solaris-x86, r-release-osx-x86_64, r-oldrel-osx-x86_64