CRAN Package Check Results for Package banxicoR

Last updated on 2019-09-22 13:46:06 CEST.

Flavor Version Tinstall Tcheck Ttotal Status Flags
r-devel-linux-x86_64-debian-clang 0.9.0 2.66 23.23 25.89 OK
r-devel-linux-x86_64-debian-gcc 0.9.0 2.12 18.97 21.09 OK
r-devel-linux-x86_64-fedora-clang 0.9.0 32.26 NOTE
r-devel-linux-x86_64-fedora-gcc 0.9.0 31.18 NOTE
r-devel-windows-ix86+x86_64 0.9.0 12.00 38.00 50.00 OK
r-patched-linux-x86_64 0.9.0 2.27 23.32 25.59 OK
r-patched-solaris-x86 0.9.0 61.40 NOTE
r-release-linux-x86_64 0.9.0 2.11 23.34 25.45 OK
r-release-windows-ix86+x86_64 0.9.0 6.00 39.00 45.00 OK
r-release-osx-x86_64 0.9.0 NOTE
r-oldrel-windows-ix86+x86_64 0.9.0 3.00 39.00 42.00 OK
r-oldrel-osx-x86_64 0.9.0 NOTE

Check Details

Version: 0.9.0
Check: data for non-ASCII characters
Result: NOTE
     Note: found 148 marked UTF-8 strings
Flavors: r-devel-linux-x86_64-fedora-clang, r-devel-linux-x86_64-fedora-gcc, r-patched-solaris-x86, r-release-osx-x86_64, r-oldrel-osx-x86_64