CRAN Package Check Results for Package baseballDBR

Last updated on 2019-08-22 08:48:59 CEST.

Flavor Version Tinstall Tcheck Ttotal Status Flags
r-devel-linux-x86_64-debian-clang 0.1.2 5.23 49.45 54.68 OK
r-devel-linux-x86_64-debian-gcc 0.1.2 3.97 39.17 43.14 OK
r-devel-linux-x86_64-fedora-clang 0.1.2 67.64 OK
r-devel-linux-x86_64-fedora-gcc 0.1.2 64.72 OK
r-devel-windows-ix86+x86_64 0.1.2 22.00 115.00 137.00 OK
r-patched-linux-x86_64 0.1.2 4.84 48.50 53.34 OK
r-patched-solaris-x86 0.1.2 101.00 OK
r-release-linux-x86_64 0.1.2 5.10 48.40 53.50 OK
r-release-windows-ix86+x86_64 0.1.2 19.00 115.00 134.00 OK
r-release-osx-x86_64 0.1.2 OK
r-oldrel-windows-ix86+x86_64 0.1.2 12.00 89.00 101.00 ERROR
r-oldrel-osx-x86_64 0.1.2 OK

Check Details

Version: 0.1.2
Check: tests
Result: ERROR
     Running 'testthat.R' [4s]
    Running the tests in 'tests/testthat.R' failed.
    Complete output:
     > library(testthat)
     > library(baseballDBR)
     >
     > test_check("baseballDBR")
     -- 1. Failure: (unknown) (@test-check_urls.R#25) ------------------------------
     urlExists("http://www.fangraphs.com/guts.aspx?type=cn") isn't true.
    
     == testthat results ===========================================================
     [ OK: 2 | SKIPPED: 0 | WARNINGS: 0 | FAILED: 1 ]
     1. Failure: (unknown) (@test-check_urls.R#25)
    
     Error: testthat unit tests failed
     Execution halted
Flavor: r-oldrel-windows-ix86+x86_64