CRAN Package Check Results for Package baseballDBR

Last updated on 2019-12-07 13:47:09 CET.

Flavor Version Tinstall Tcheck Ttotal Status Flags
r-devel-linux-x86_64-debian-clang 0.1.2 5.85 53.35 59.20 OK
r-devel-linux-x86_64-debian-gcc 0.1.2 4.30 41.52 45.82 OK
r-devel-linux-x86_64-fedora-clang 0.1.2 68.24 OK
r-devel-linux-x86_64-fedora-gcc 0.1.2 66.65 OK
r-devel-windows-ix86+x86_64 0.1.2 13.00 126.00 139.00 OK
r-devel-windows-ix86+x86_64-gcc8 0.1.2 14.00 90.00 104.00 OK
r-patched-linux-x86_64 0.1.2 5.20 48.65 53.85 OK
r-patched-solaris-x86 0.1.2 97.70 OK
r-release-linux-x86_64 0.1.2 5.28 49.09 54.37 OK
r-release-windows-ix86+x86_64 0.1.2 12.00 88.00 100.00 OK
r-release-osx-x86_64 0.1.2 OK
r-oldrel-windows-ix86+x86_64 0.1.2 7.00 123.00 130.00 ERROR
r-oldrel-osx-x86_64 0.1.2 OK

Check Details

Version: 0.1.2
Check: tests
Result: ERROR
     Running 'testthat.R' [7s]
    Running the tests in 'tests/testthat.R' failed.
    Complete output:
     > library(testthat)
     > library(baseballDBR)
     >
     > test_check("baseballDBR")
     -- 1. Failure: (unknown) (@test-check_urls.R#25) ------------------------------
     urlExists("http://www.fangraphs.com/guts.aspx?type=cn") isn't true.
    
     == testthat results ===========================================================
     [ OK: 2 | SKIPPED: 0 | WARNINGS: 0 | FAILED: 1 ]
     1. Failure: (unknown) (@test-check_urls.R#25)
    
     Error: testthat unit tests failed
     Execution halted
Flavor: r-oldrel-windows-ix86+x86_64