CRAN Package Check Results for Package baseline

Last updated on 2019-11-19 13:47:33 CET.

Flavor Version Tinstall Tcheck Ttotal Status Flags
r-devel-linux-x86_64-debian-clang 1.2-2 7.17 54.12 61.29 OK
r-devel-linux-x86_64-debian-gcc 1.2-2 6.51 42.62 49.13 OK
r-devel-linux-x86_64-fedora-clang 1.2-2 72.14 OK
r-devel-linux-x86_64-fedora-gcc 1.2-2 70.89 OK
r-devel-windows-ix86+x86_64 1.2-2 18.00 93.00 111.00 OK
r-devel-windows-ix86+x86_64-gcc8 1.2-2 18.00 62.00 80.00 OK
r-patched-linux-x86_64 1.2-2 6.92 50.38 57.30 OK
r-patched-solaris-x86 1.2-2 104.20 OK
r-release-linux-x86_64 1.2-2 7.15 50.83 57.98 OK
r-release-windows-ix86+x86_64 1.2-2 14.00 93.00 107.00 OK
r-release-osx-x86_64 1.2-2 OK
r-oldrel-windows-ix86+x86_64 1.2-2 13.00 85.00 98.00 WARN
r-oldrel-osx-x86_64 1.2-2 WARN

Check Details

Version: 1.2-2
Check: whether package can be installed
Result: WARN
    Found the following significant warnings:
     Warning: unable to re-encode 'baseline.lowpass.R' line 4
     Warning: unable to re-encode 'baseline.medianWindow.R' line 3
     Warning: unable to re-encode 'baseline.modpolyfit.R' line 4
Flavors: r-oldrel-windows-ix86+x86_64, r-oldrel-osx-x86_64