CRAN Package Check Results for Package bastah

Last updated on 2021-01-18 06:46:28 CET.

Flavor Version Tinstall Tcheck Ttotal Status Flags
r-devel-linux-x86_64-debian-clang 1.0.7 8.06 66.82 74.88 NOTE
r-devel-linux-x86_64-debian-gcc 1.0.7 7.01 51.99 59.00 NOTE
r-devel-linux-x86_64-fedora-clang 1.0.7 100.35 NOTE
r-devel-linux-x86_64-fedora-gcc 1.0.7 90.02 NOTE
r-devel-windows-ix86+x86_64 1.0.7 14.00 72.00 86.00 NOTE
r-patched-linux-x86_64 1.0.7 9.08 63.95 73.03 NOTE
r-patched-solaris-x86 1.0.7 138.30 NOTE
r-release-linux-x86_64 1.0.7 8.32 62.60 70.92 NOTE
r-release-macos-x86_64 1.0.7 NOTE
r-release-windows-ix86+x86_64 1.0.7 14.00 70.00 84.00 NOTE
r-oldrel-macos-x86_64 1.0.7 OK
r-oldrel-windows-ix86+x86_64 1.0.7 16.00 83.00 99.00 NOTE

Check Details

Version: 1.0.7
Check: package dependencies
Result: NOTE
    Package which this enhances but not available for checking: 'rPython'
Flavors: r-devel-linux-x86_64-debian-clang, r-devel-linux-x86_64-debian-gcc, r-devel-linux-x86_64-fedora-clang, r-devel-linux-x86_64-fedora-gcc, r-patched-linux-x86_64, r-patched-solaris-x86, r-release-linux-x86_64, r-release-macos-x86_64

Version: 1.0.7
Check: package dependencies
Result: NOTE
    Packages which this enhances but not available for checking:
     'doMC', 'rPython'
Flavors: r-devel-windows-ix86+x86_64, r-release-windows-ix86+x86_64, r-oldrel-windows-ix86+x86_64