CRAN Package Check Results for Package batchtools

Last updated on 2019-12-06 08:54:42 CET.

Flavor Version Tinstall Tcheck Ttotal Status Flags
r-devel-linux-x86_64-debian-clang 0.9.11 13.72 301.14 314.86 OK
r-devel-linux-x86_64-debian-gcc 0.9.11 9.25 270.35 279.60 OK
r-devel-linux-x86_64-fedora-clang 0.9.11 272.89 OK
r-devel-linux-x86_64-fedora-gcc 0.9.11 242.59 OK
r-devel-windows-ix86+x86_64 0.9.11 28.00 417.00 445.00 OK
r-devel-windows-ix86+x86_64-gcc8 0.9.11 26.00 282.00 308.00 OK
r-patched-linux-x86_64 0.9.11 12.13 244.48 256.61 OK
r-patched-solaris-x86 0.9.11 260.80 OK
r-release-linux-x86_64 0.9.11 10.55 242.88 253.43 OK
r-release-windows-ix86+x86_64 0.9.11 36.00 265.00 301.00 OK
r-release-osx-x86_64 0.9.11 NOTE
r-oldrel-windows-ix86+x86_64 0.9.11 21.00 396.00 417.00 OK
r-oldrel-osx-x86_64 0.9.11 NOTE

Check Details

Version: 0.9.11
Check: package dependencies
Result: NOTE
    Package suggested but not available for checking: ‘doMPI’
Flavors: r-release-osx-x86_64, r-oldrel-osx-x86_64

Version: 0.9.11
Check: Rd cross-references
Result: NOTE
    Package unavailable to check Rd xrefs: ‘Rmpi’
Flavors: r-release-osx-x86_64, r-oldrel-osx-x86_64