CRAN Package Check Results for Package bcpa

Last updated on 2019-12-06 13:48:28 CET.

Flavor Version Tinstall Tcheck Ttotal Status Flags
r-devel-linux-x86_64-debian-clang 1.1 19.17 67.87 87.04 NOTE
r-devel-linux-x86_64-debian-gcc 1.1 13.99 49.21 63.20 NOTE
r-devel-linux-x86_64-fedora-clang 1.1 105.96 NOTE
r-devel-linux-x86_64-fedora-gcc 1.1 101.63 NOTE
r-devel-windows-ix86+x86_64 1.1 44.00 165.00 209.00 NOTE
r-devel-windows-ix86+x86_64-gcc8 1.1 46.00 121.00 167.00 NOTE
r-patched-linux-x86_64 1.1 15.78 61.15 76.93 NOTE
r-patched-solaris-x86 1.1 124.50 NOTE
r-release-linux-x86_64 1.1 15.31 59.76 75.07 NOTE
r-release-windows-ix86+x86_64 1.1 49.00 112.00 161.00 NOTE
r-release-osx-x86_64 1.1 NOTE
r-oldrel-windows-ix86+x86_64 1.1 35.00 118.00 153.00 NOTE
r-oldrel-osx-x86_64 1.1 NOTE

Check Details

Version: 1.1
Check: R code for possible problems
Result: NOTE
    ChangePointSummary: no visible global function definition for 'density'
    ChangePointSummary : <anonymous>: no visible global function definition
     for 'sd'
    DiagPlot: no visible global function definition for 'par'
    DiagPlot: no visible global function definition for 'qqnorm'
    DiagPlot: no visible global function definition for 'qqline'
    DiagPlot: no visible global function definition for 'hist'
    DiagPlot: no visible global function definition for 'curve'
    DiagPlot: no visible global function definition for 'dnorm'
    DiagPlot: no visible global function definition for 'acf'
    DiagPlot: no visible binding for global variable 'na.pass'
    DiagPlot: no visible global function definition for 'layout'
    GetBestBreak: no visible global function definition for 'optimize'
    GetDoubleL: no visible global function definition for 'sd'
    GetModels : GetLL: no visible global function definition for 'dnorm'
    GetModels : M0: no visible global function definition for 'sd'
    GetModels : M1: no visible global function definition for 'sd'
    GetModels : M2: no visible global function definition for 'sd'
    GetModels : M3: no visible global function definition for 'sd'
    GetModels : M4: no visible global function definition for 'sd'
    GetModels : M5: no visible global function definition for 'sd'
    GetModels : M6: no visible global function definition for 'sd'
    GetModels : M7: no visible global function definition for 'sd'
    GetRho: no visible global function definition for 'optimize'
    GetRho2: no visible global function definition for 'optimize'
    PathPlot : Segments: no visible global function definition for
     'segments'
    PathPlot: no visible global function definition for 'palette'
    PathPlot: no visible global function definition for 'topo.colors'
    PathPlot: no visible global function definition for 'plot'
    PathPlot: no visible global function definition for 'points'
    PathPlot: no visible global function definition for 'legend'
    PhasePlot: no visible global function definition for 'palette'
    PhasePlot: no visible global function definition for 'topo.colors'
    PhasePlot: no visible global function definition for 'plot'
    PhasePlot: no visible global function definition for 'points'
    PhasePlot: no visible global function definition for 'legend'
    WindowSweep: no visible global function definition for 'txtProgressBar'
    WindowSweep: no visible global function definition for 'plot.ts'
    WindowSweep: no visible global function definition for 'lines'
    WindowSweep: no visible global function definition for 'abline'
    WindowSweep: no visible global function definition for
     'setTxtProgressBar'
    plot.bcpa: no visible global function definition for 'rgb'
    plot.bcpa: no visible global function definition for 'plot'
    plot.bcpa: no visible global function definition for 'lines'
    plot.bcpa: no visible global function definition for 'abline'
    plot.bcpa: no visible global function definition for 'palette'
    plot.bcpa: no visible global function definition for 'topo.colors'
    plot.bcpa: no visible global function definition for 'points'
    plot.bcpa: no visible global function definition for 'segments'
    plot.track: no visible global function definition for 'rgb'
    plot.track: no visible global function definition for 'plot'
    plot.track: no visible global function definition for 'points'
    Undefined global functions or variables:
     abline acf curve density dnorm hist layout legend lines na.pass
     optimize palette par plot plot.ts points qqline qqnorm rgb sd
     segments setTxtProgressBar topo.colors txtProgressBar
    Consider adding
     importFrom("grDevices", "palette", "rgb", "topo.colors")
     importFrom("graphics", "abline", "curve", "hist", "layout", "legend",
     "lines", "par", "plot", "points", "segments")
     importFrom("stats", "acf", "density", "dnorm", "na.pass", "optimize",
     "plot.ts", "qqline", "qqnorm", "sd")
     importFrom("utils", "setTxtProgressBar", "txtProgressBar")
    to your NAMESPACE file.
Flavors: r-devel-linux-x86_64-debian-clang, r-devel-linux-x86_64-debian-gcc, r-devel-linux-x86_64-fedora-clang, r-devel-linux-x86_64-fedora-gcc, r-devel-windows-ix86+x86_64, r-devel-windows-ix86+x86_64-gcc8, r-patched-linux-x86_64, r-patched-solaris-x86, r-release-linux-x86_64, r-release-windows-ix86+x86_64, r-release-osx-x86_64, r-oldrel-windows-ix86+x86_64, r-oldrel-osx-x86_64

Version: 1.1
Check: compiled code
Result: NOTE
    File ‘bcpa/libs/bcpa.so’:
     Found no calls to: ‘R_registerRoutines’, ‘R_useDynamicSymbols’
    
    It is good practice to register native routines and to disable symbol
    search.
    
    See ‘Writing portable packages’ in the ‘Writing R Extensions’ manual.
Flavors: r-devel-linux-x86_64-fedora-clang, r-devel-linux-x86_64-fedora-gcc