CRAN Package Check Results for Package behaviorchange

Last updated on 2020-02-21 13:47:31 CET.

Flavor Version Tinstall Tcheck Ttotal Status Flags
r-devel-linux-x86_64-debian-clang 0.2.1 9.62 82.07 91.69 WARN
r-devel-linux-x86_64-debian-gcc 0.2.1 7.60 60.57 68.17 WARN
r-devel-linux-x86_64-fedora-clang 0.2.1 110.06 WARN
r-devel-linux-x86_64-fedora-gcc 0.2.1 108.65 WARN
r-devel-windows-ix86+x86_64 0.2.1 22.00 84.00 106.00 OK
r-devel-windows-ix86+x86_64-gcc8 0.2.1 31.00 119.00 150.00 OK
r-patched-linux-x86_64 0.2.1 8.23 71.71 79.94 WARN
r-patched-solaris-x86 0.2.1 134.80 WARN
r-release-linux-x86_64 0.2.1 8.27 72.42 80.69 OK
r-release-windows-ix86+x86_64 0.2.1 17.00 91.00 108.00 OK
r-release-osx-x86_64 0.2.1 WARN
r-oldrel-windows-ix86+x86_64 0.2.1 12.00 75.00 87.00 OK
r-oldrel-osx-x86_64 0.2.1 WARN

Check Details

Version: 0.2.1
Check: Rd \usage sections
Result: WARN
    Documented arguments not in \usage in documentation object 'lm_rSq_ci':
     '...'
    
    Functions with \usage entries need to have the appropriate \alias
    entries, and all their arguments documented.
    The \usage entries must correspond to syntactically valid R code.
    See chapter 'Writing R documentation files' in the 'Writing R
    Extensions' manual.
Flavors: r-devel-linux-x86_64-debian-clang, r-devel-linux-x86_64-debian-gcc, r-devel-linux-x86_64-fedora-clang, r-devel-linux-x86_64-fedora-gcc, r-patched-linux-x86_64, r-patched-solaris-x86

Version: 0.2.1
Check: dependencies in R code
Result: NOTE
    Namespace in Imports field not imported from: ‘magrittr’
     All declared Imports should be used.
Flavors: r-devel-linux-x86_64-fedora-clang, r-devel-linux-x86_64-fedora-gcc, r-patched-solaris-x86, r-release-osx-x86_64, r-oldrel-osx-x86_64

Version: 0.2.1
Check: re-building of vignette outputs
Result: WARN
    Error(s) in re-building vignettes:
     ...
    --- re-building ‘abcd-laagdrempelige_nederlandse_uitleg.Rmd’ using rmarkdown
    Warning in engine$weave(file, quiet = quiet, encoding = enc) :
     Pandoc (>= 1.12.3) and/or pandoc-citeproc not available. Falling back to R Markdown v1.
    Quitting from lines 53-74 (abcd-laagdrempelige_nederlandse_uitleg.Rmd)
    Error: processing vignette 'abcd-laagdrempelige_nederlandse_uitleg.Rmd' failed with diagnostics:
    there is no package called 'webshot'
    --- failed re-building ‘abcd-laagdrempelige_nederlandse_uitleg.Rmd’
    
    --- re-building ‘abcd.Rmd’ using rmarkdown
    Warning in engine$weave(file, quiet = quiet, encoding = enc) :
     Pandoc (>= 1.12.3) and/or pandoc-citeproc not available. Falling back to R Markdown v1.
    --- finished re-building ‘abcd.Rmd’
    
    --- re-building ‘matrix-van-aspecten-van-de-psychologie.Rmd’ using rmarkdown
    Warning in engine$weave(file, quiet = quiet, encoding = enc) :
     Pandoc (>= 1.12.3) and/or pandoc-citeproc not available. Falling back to R Markdown v1.
    --- finished re-building ‘matrix-van-aspecten-van-de-psychologie.Rmd’
    
    SUMMARY: processing the following file failed:
     ‘abcd-laagdrempelige_nederlandse_uitleg.Rmd’
    
    Error: Vignette re-building failed.
    Execution halted
Flavor: r-patched-solaris-x86

Version: 0.2.1
Check: re-building of vignette outputs
Result: WARN
    Error(s) in re-building vignettes:
     ...
    --- re-building ‘abcd-laagdrempelige_nederlandse_uitleg.Rmd’ using rmarkdown
    Warning in engine$weave(file, quiet = quiet, encoding = enc) :
     Pandoc (>= 1.12.3) and/or pandoc-citeproc not available. Falling back to R Markdown v1.
    Quitting from lines 53-74 (abcd-laagdrempelige_nederlandse_uitleg.Rmd)
    Error: processing vignette 'abcd-laagdrempelige_nederlandse_uitleg.Rmd' failed with diagnostics:
    cannot open the connection
    --- failed re-building ‘abcd-laagdrempelige_nederlandse_uitleg.Rmd’
    
    --- re-building ‘abcd.Rmd’ using rmarkdown
    Warning in engine$weave(file, quiet = quiet, encoding = enc) :
     Pandoc (>= 1.12.3) and/or pandoc-citeproc not available. Falling back to R Markdown v1.
    --- finished re-building ‘abcd.Rmd’
    
    --- re-building ‘matrix-van-aspecten-van-de-psychologie.Rmd’ using rmarkdown
    Warning in engine$weave(file, quiet = quiet, encoding = enc) :
     Pandoc (>= 1.12.3) and/or pandoc-citeproc not available. Falling back to R Markdown v1.
    --- finished re-building ‘matrix-van-aspecten-van-de-psychologie.Rmd’
    
    SUMMARY: processing the following file failed:
     ‘abcd-laagdrempelige_nederlandse_uitleg.Rmd’
    
    Error: Vignette re-building failed.
    Execution halted
Flavor: r-release-osx-x86_64

Version: 0.2.1
Check: re-building of vignette outputs
Result: WARN
    Error in re-building vignettes:
     ...
    Warning in engine$weave(file, quiet = quiet, encoding = enc) :
     Pandoc (>= 1.12.3) and/or pandoc-citeproc not available. Falling back to R Markdown v1.
    Quitting from lines 53-74 (abcd-laagdrempelige_nederlandse_uitleg.Rmd)
    Error: processing vignette 'abcd-laagdrempelige_nederlandse_uitleg.Rmd' failed with diagnostics:
    cannot open the connection
    Execution halted
Flavor: r-oldrel-osx-x86_64