CRAN Package Check Results for Package bikedata

Last updated on 2019-09-19 12:47:23 CEST.

Flavor Version Tinstall Tcheck Ttotal Status Flags
r-devel-linux-x86_64-debian-clang 0.2.3 131.01 92.52 223.53 OK
r-devel-linux-x86_64-debian-gcc 0.2.3 83.84 71.54 155.38 OK
r-devel-linux-x86_64-fedora-clang 0.2.3 315.02 NOTE
r-devel-linux-x86_64-fedora-gcc 0.2.3 263.76 OK
r-devel-windows-ix86+x86_64 0.2.3 294.00 224.00 518.00 NOTE
r-patched-linux-x86_64 0.2.3 91.11 90.91 182.02 ERROR
r-patched-solaris-x86 0.2.3 278.10 OK
r-release-linux-x86_64 0.2.3 91.61 91.50 183.11 OK
r-release-windows-ix86+x86_64 0.2.3 203.00 210.00 413.00 NOTE
r-release-osx-x86_64 0.2.3 NOTE
r-oldrel-windows-ix86+x86_64 0.2.3 181.00 210.00 391.00 NOTE
r-oldrel-osx-x86_64 0.2.3 NOTE

Additional issues

clang-UBSAN gcc-UBSAN valgrind

Check Details

Version: 0.2.3
Check: installed package size
Result: NOTE
     installed size is 12.1Mb
     sub-directories of 1Mb or more:
     doc 1.9Mb
     libs 9.4Mb
Flavors: r-devel-linux-x86_64-fedora-clang, r-devel-windows-ix86+x86_64, r-release-windows-ix86+x86_64, r-release-osx-x86_64, r-oldrel-windows-ix86+x86_64, r-oldrel-osx-x86_64

Version: 0.2.3
Check: examples
Result: ERROR
    Running examples in ‘bikedata-Ex.R’ failed
    The error most likely occurred in:
    
    > base::assign(".ptime", proc.time(), pos = "CheckExEnv")
    > ### Name: bike_stored_files
    > ### Title: Get names of files read into database
    > ### Aliases: bike_stored_files
    >
    > ### ** Examples
    >
    > data_dir <- tempdir ()
    > bike_write_test_data (data_dir = data_dir)
     adding: tmp/Rtmp9BNWvm/working_dir/RtmpzcHS0f/Divvy_Trips_sample/ (stored 0%)
     adding: tmp/Rtmp9BNWvm/working_dir/RtmpzcHS0f/Divvy_Trips_sample/Divvy_Trips_sample.csv (deflated 79%)
     adding: tmp/Rtmp9BNWvm/working_dir/RtmpzcHS0f/Divvy_Trips_sample/Divvy_Stations.csv (deflated 68%)
     adding: tmp/Rtmp9BNWvm/working_dir/RtmpzcHS0f/201701-hubway-tripdata.csv (deflated 81%)
     adding: tmp/Rtmp9BNWvm/working_dir/RtmpzcHS0f/201801_hubway_tripdata.csv (deflated 81%)
     adding: tmp/Rtmp9BNWvm/working_dir/RtmpzcHS0f/Nice_Ride_data_2012_season/ (stored 0%)
     adding: tmp/Rtmp9BNWvm/working_dir/RtmpzcHS0f/Nice_Ride_data_2012_season/Nice_Ride_trip_history_2012_season.csv (deflated 81%)
     adding: tmp/Rtmp9BNWvm/working_dir/RtmpzcHS0f/Nice_Ride_data_2012_season/Nice_Ride_2012-station_locations .csv (deflated 62%)
     adding: tmp/Rtmp9BNWvm/working_dir/RtmpzcHS0f/2017Q1-capitalbikeshare-tripdata-temp.csv (deflated 80%)
     adding: tmp/Rtmp9BNWvm/working_dir/RtmpzcHS0f/la_metro_gbfs_trips_Q1_2017.csv (deflated 85%)
     adding: tmp/Rtmp9BNWvm/working_dir/RtmpzcHS0f/201612-citibike-tripdata.csv (deflated 74%)
    > bikedb <- file.path (data_dir, 'testdb')
    > store_bikedata (data_dir = data_dir, bikedb = bikedb)
    Creating sqlite3 database
    Unzipping raw data files for bo ...
    Reading files for bo ...
    reading file 1/3: /tmp/Rtmp9BNWvm/working_dir/RtmpzcHS0f/hubway_Trips_2012.csv
    reading file 2/3: /tmp/Rtmp9BNWvm/working_dir/RtmpzcHS0f/201701-hubway-tripdata.csv
    reading file 3/3: /tmp/Rtmp9BNWvm/working_dir/RtmpzcHS0f/201801_hubway_tripdata.csv
    Trips read for bo = 600
    
    Unzipping raw data files for ch ...
    Reading files for ch ...
    reading file 1/1: /tmp/Rtmp9BNWvm/working_dir/RtmpzcHS0f/Divvy_Trips_sample.csv
    Trips read for ch = 200
    
    Unzipping raw data files for dc ...
    Reading files for dc ...
    reading file 1/1: /tmp/Rtmp9BNWvm/working_dir/RtmpzcHS0f/2017Q1-capitalbikeshare-tripdata-temp.csv
    Trips read for dc = 200
    
    Unzipping raw data files for la ...
    Reading files for la ...
    reading file 1/1: /tmp/Rtmp9BNWvm/working_dir/RtmpzcHS0f/la_metro_gbfs_trips_Q1_2017.csv
    Trips read for la = 198
    
    Reading files for lo ...
    getting london stations ... done
    Error in store_bikedata(data_dir = data_dir, bikedb = bikedb) :
     No stations returned; please try again
    Execution halted
Flavor: r-patched-linux-x86_64