CRAN Package Check Results for Package bindata

Last updated on 2019-12-09 13:49:39 CET.

Flavor Version Tinstall Tcheck Ttotal Status Flags
r-devel-linux-x86_64-debian-clang 0.9-19 2.38 24.96 27.34 NOTE
r-devel-linux-x86_64-debian-gcc 0.9-19 1.76 20.37 22.13 NOTE
r-devel-linux-x86_64-fedora-clang 0.9-19 33.61 NOTE
r-devel-linux-x86_64-fedora-gcc 0.9-19 33.31 NOTE
r-devel-windows-ix86+x86_64 0.9-19 5.00 48.00 53.00 NOTE
r-devel-windows-ix86+x86_64-gcc8 0.9-19 5.00 36.00 41.00 NOTE
r-patched-linux-x86_64 0.9-19 1.71 23.87 25.58 NOTE
r-patched-solaris-x86 0.9-19 43.70 NOTE
r-release-linux-x86_64 0.9-19 1.87 23.51 25.38 NOTE
r-release-windows-ix86+x86_64 0.9-19 5.00 36.00 41.00 NOTE
r-release-osx-x86_64 0.9-19 NOTE
r-oldrel-windows-ix86+x86_64 0.9-19 3.00 34.00 37.00 NOTE
r-oldrel-osx-x86_64 0.9-19 NOTE

Check Details

Version: 0.9-19
Check: R code for possible problems
Result: NOTE
    commonprob2sigma: no visible global function definition for 'approxfun'
    rmvbin: no visible global function definition for 'qnorm'
    simul.commonprob: no visible global function definition for 'qnorm'
    Undefined global functions or variables:
     approxfun qnorm
    Consider adding
     importFrom("stats", "approxfun", "qnorm")
    to your NAMESPACE file.
Flavors: r-devel-linux-x86_64-debian-clang, r-devel-linux-x86_64-debian-gcc, r-devel-linux-x86_64-fedora-clang, r-devel-linux-x86_64-fedora-gcc, r-devel-windows-ix86+x86_64, r-devel-windows-ix86+x86_64-gcc8, r-patched-linux-x86_64, r-patched-solaris-x86, r-release-linux-x86_64, r-release-windows-ix86+x86_64, r-release-osx-x86_64, r-oldrel-windows-ix86+x86_64, r-oldrel-osx-x86_64