CRAN Package Check Results for Package biomod2

Last updated on 2019-08-19 08:52:02 CEST.

Flavor Version Tinstall Tcheck Ttotal Status Flags
r-devel-linux-x86_64-debian-clang 3.3-7.1 31.23 205.68 236.91 NOTE
r-devel-linux-x86_64-debian-gcc 3.3-7.1 28.53 158.44 186.97 NOTE
r-devel-linux-x86_64-fedora-clang 3.3-7.1 282.75 NOTE
r-devel-linux-x86_64-fedora-gcc 3.3-7.1 282.65 NOTE
r-devel-windows-ix86+x86_64 3.3-7.1 73.00 303.00 376.00 OK
r-patched-linux-x86_64 3.3-7.1 31.68 200.42 232.10 NOTE
r-patched-solaris-x86 3.3-7.1 399.00 NOTE
r-release-linux-x86_64 3.3-7.1 32.93 199.25 232.18 NOTE
r-release-windows-ix86+x86_64 3.3-7.1 45.00 204.00 249.00 OK
r-release-osx-x86_64 3.3-7.1 NOTE
r-oldrel-windows-ix86+x86_64 3.3-7.1 59.00 260.00 319.00 OK
r-oldrel-osx-x86_64 3.3-7.1 OK

Check Details

Version: 3.3-7.1
Check: package dependencies
Result: NOTE
    Package suggested but not available for checking: 'maxent'
Flavors: r-devel-linux-x86_64-debian-clang, r-devel-linux-x86_64-debian-gcc, r-devel-linux-x86_64-fedora-clang, r-devel-linux-x86_64-fedora-gcc, r-patched-linux-x86_64, r-patched-solaris-x86, r-release-linux-x86_64, r-release-osx-x86_64

Version: 3.3-7.1
Check: for non-standard things in the check directory
Result: NOTE
    Found the following files/directories:
     'GuloGulo'
Flavors: r-devel-linux-x86_64-debian-clang, r-devel-linux-x86_64-debian-gcc, r-devel-linux-x86_64-fedora-clang, r-devel-linux-x86_64-fedora-gcc