CRAN Package Check Results for Package bit

Last updated on 2019-10-15 13:46:48 CEST.

Flavor Version Tinstall Tcheck Ttotal Status Flags
r-devel-linux-x86_64-debian-clang 1.1-14 5.99 28.95 34.94 OK
r-devel-linux-x86_64-debian-gcc 1.1-14 4.13 22.84 26.97 OK
r-devel-linux-x86_64-fedora-clang 1.1-14 44.28 NOTE
r-devel-linux-x86_64-fedora-gcc 1.1-14 42.36 NOTE
r-devel-windows-ix86+x86_64 1.1-14 20.00 51.00 71.00 OK
r-patched-linux-x86_64 1.1-14 4.44 28.57 33.01 OK
r-patched-solaris-x86 1.1-14 67.40 OK
r-release-linux-x86_64 1.1-14 4.87 28.63 33.50 OK
r-release-windows-ix86+x86_64 1.1-14 14.00 64.00 78.00 OK
r-release-osx-x86_64 1.1-14 OK
r-oldrel-windows-ix86+x86_64 1.1-14 12.00 46.00 58.00 OK
r-oldrel-osx-x86_64 1.1-14 OK

Additional issues

valgrind

Check Details

Version: 1.1-14
Check: compiled code
Result: NOTE
    File ‘bit/libs/bit.so’:
     Found no calls to: ‘R_registerRoutines’, ‘R_useDynamicSymbols’
    
    It is good practice to register native routines and to disable symbol
    search.
    
    See ‘Writing portable packages’ in the ‘Writing R Extensions’ manual.
Flavors: r-devel-linux-x86_64-fedora-clang, r-devel-linux-x86_64-fedora-gcc