CRAN Package Check Results for Package blockmodels

Last updated on 2020-07-04 13:53:09 CEST.

Flavor Version Tinstall Tcheck Ttotal Status Flags
r-devel-linux-x86_64-debian-clang 1.1.1 107.01 58.45 165.46 NOTE
r-devel-linux-x86_64-debian-gcc 1.1.1 72.58 44.64 117.22 NOTE
r-devel-linux-x86_64-fedora-clang 1.1.1 228.14 NOTE
r-devel-linux-x86_64-fedora-gcc 1.1.1 193.66 NOTE
r-devel-windows-ix86+x86_64 1.1.1 206.00 149.00 355.00 NOTE
r-patched-linux-x86_64 1.1.1 71.99 57.01 129.00 NOTE
r-patched-solaris-x86 1.1.1 196.00 NOTE
r-release-linux-x86_64 1.1.1 77.28 57.44 134.72 NOTE
r-release-osx-x86_64 1.1.1 NOTE
r-release-windows-ix86+x86_64 1.1.1 155.00 111.00 266.00 NOTE
r-oldrel-osx-x86_64 1.1.1 NOTE
r-oldrel-windows-ix86+x86_64 1.1.1 161.00 134.00 295.00 NOTE

Check Details

Version: 1.1.1
Check: R code for possible problems
Result: NOTE
    blockmodelskmeans: no visible global function definition for 'dist'
    matrixplot: no visible global function definition for 'image'
    matrixplot: no visible global function definition for 'hsv'
    matrixplot: no visible global function definition for 'axis'
    Undefined global functions or variables:
     axis dist hsv image
    Consider adding
     importFrom("grDevices", "hsv")
     importFrom("graphics", "axis", "image")
     importFrom("stats", "dist")
    to your NAMESPACE file.
Flavors: r-devel-linux-x86_64-debian-clang, r-devel-linux-x86_64-debian-gcc, r-devel-linux-x86_64-fedora-clang, r-devel-linux-x86_64-fedora-gcc, r-devel-windows-ix86+x86_64, r-patched-linux-x86_64, r-patched-solaris-x86, r-release-linux-x86_64, r-release-osx-x86_64, r-release-windows-ix86+x86_64, r-oldrel-osx-x86_64, r-oldrel-windows-ix86+x86_64

Version: 1.1.1
Check: installed package size
Result: NOTE
     installed size is 14.6Mb
     sub-directories of 1Mb or more:
     libs 14.2Mb
Flavors: r-devel-linux-x86_64-fedora-clang, r-devel-windows-ix86+x86_64, r-release-osx-x86_64, r-release-windows-ix86+x86_64, r-oldrel-osx-x86_64, r-oldrel-windows-ix86+x86_64

Version: 1.1.1
Check: compiled code
Result: NOTE
    File ‘blockmodels/libs/blockmodels.so’:
     Found no calls to: ‘R_registerRoutines’, ‘R_useDynamicSymbols’
    
    It is good practice to register native routines and to disable symbol
    search.
    
    See ‘Writing portable packages’ in the ‘Writing R Extensions’ manual.
Flavors: r-devel-linux-x86_64-fedora-clang, r-devel-linux-x86_64-fedora-gcc