CRAN Package Check Results for Package bodenmiller

Last updated on 2021-01-15 07:50:38 CET.

Flavor Version Tinstall Tcheck Ttotal Status Flags
r-devel-linux-x86_64-debian-clang 0.1 5.77 35.40 41.17 OK
r-devel-linux-x86_64-debian-gcc 0.1 5.25 27.14 32.39 OK
r-devel-linux-x86_64-fedora-clang 0.1 58.23 NOTE
r-devel-linux-x86_64-fedora-gcc 0.1 49.12 OK
r-devel-windows-ix86+x86_64 0.1 11.00 55.00 66.00 NOTE
r-patched-linux-x86_64 0.1 7.01 33.86 40.87 OK
r-patched-solaris-x86 0.1 71.10 NOTE
r-release-linux-x86_64 0.1 6.24 33.48 39.72 OK
r-release-macos-x86_64 0.1 NOTE
r-release-windows-ix86+x86_64 0.1 11.00 39.00 50.00 NOTE
r-oldrel-macos-x86_64 0.1 NOTE
r-oldrel-windows-ix86+x86_64 0.1 7.00 37.00 44.00 NOTE

Check Details

Version: 0.1
Check: installed package size
Result: NOTE
     installed size is 8.9Mb
     sub-directories of 1Mb or more:
     data 8.7Mb
Flavors: r-devel-linux-x86_64-fedora-clang, r-devel-windows-ix86+x86_64, r-patched-solaris-x86, r-release-macos-x86_64, r-release-windows-ix86+x86_64, r-oldrel-macos-x86_64, r-oldrel-windows-ix86+x86_64