Last updated on 2021-01-18 06:46:29 CET.
Flavor | Version | Tinstall | Tcheck | Ttotal | Status | Flags |
---|---|---|---|---|---|---|
r-devel-linux-x86_64-debian-clang | 1.4.3 | 22.71 | 152.07 | 174.78 | OK | |
r-devel-linux-x86_64-debian-gcc | 1.4.3 | 16.83 | 115.13 | 131.96 | OK | |
r-devel-linux-x86_64-fedora-clang | 1.4.3 | 214.31 | NOTE | |||
r-devel-linux-x86_64-fedora-gcc | 1.4.3 | 203.59 | NOTE | |||
r-devel-windows-ix86+x86_64 | 1.4.3 | 32.00 | 151.00 | 183.00 | OK | |
r-patched-linux-x86_64 | 1.4.3 | 14.16 | 139.86 | 154.02 | OK | |
r-patched-solaris-x86 | 1.4.3 | 285.80 | NOTE | |||
r-release-linux-x86_64 | 1.4.3 | 16.30 | 141.05 | 157.35 | OK | |
r-release-macos-x86_64 | 1.4.3 | NOTE | ||||
r-release-windows-ix86+x86_64 | 1.4.3 | 38.00 | 135.00 | 173.00 | OK | |
r-oldrel-macos-x86_64 | 1.4.3 | NOTE | ||||
r-oldrel-windows-ix86+x86_64 | 1.4.3 | 40.00 | 165.00 | 205.00 | OK |
Version: 1.4.3
Check: package dependencies
Result: NOTE
Imports includes 22 non-default packages.
Importing from so many packages makes the package vulnerable to any of
them becoming unavailable. Move as many as possible to Suggests and
use conditionally.
Flavor: r-devel-linux-x86_64-fedora-clang
Version: 1.4.3
Check: dependencies in R code
Result: NOTE
Namespace in Imports field not imported from: ‘psychTools’
All declared Imports should be used.
Flavors: r-devel-linux-x86_64-fedora-clang, r-devel-linux-x86_64-fedora-gcc, r-patched-solaris-x86, r-release-macos-x86_64, r-oldrel-macos-x86_64
Version: 1.4.3
Check: Rd cross-references
Result: NOTE
Undeclared package ‘psych’ in Rd xrefs
Flavor: r-devel-linux-x86_64-fedora-clang