Last updated on 2021-01-19 07:50:36 CET.
Flavor | Version | Tinstall | Tcheck | Ttotal | Status | Flags |
---|---|---|---|---|---|---|
r-devel-linux-x86_64-debian-clang | 0.8.0 | 11.93 | 164.08 | 176.01 | OK | |
r-devel-linux-x86_64-debian-gcc | 0.8.0 | 10.38 | 121.49 | 131.87 | OK | |
r-devel-linux-x86_64-fedora-clang | 0.8.0 | 217.35 | NOTE | |||
r-devel-linux-x86_64-fedora-gcc | 0.8.0 | 206.10 | NOTE | |||
r-devel-windows-ix86+x86_64 | 0.8.0 | 22.00 | 162.00 | 184.00 | OK | |
r-patched-linux-x86_64 | 0.8.0 | 13.48 | 152.66 | 166.14 | OK | |
r-patched-solaris-x86 | 0.8.0 | 285.30 | OK | |||
r-release-linux-x86_64 | 0.8.0 | 11.92 | 153.20 | 165.12 | OK | |
r-release-macos-x86_64 | 0.8.0 | NOTE | ||||
r-release-windows-ix86+x86_64 | 0.8.0 | 23.00 | 147.00 | 170.00 | OK | |
r-oldrel-macos-x86_64 | 0.8.0 | ERROR |
Version: 0.8.0
Check: package dependencies
Result: NOTE
Package suggested but not available for checking: ‘breathteststan’
Flavors: r-devel-linux-x86_64-fedora-clang, r-devel-linux-x86_64-fedora-gcc, r-release-macos-x86_64
Version: 0.8.0
Check: Rd cross-references
Result: NOTE
Package unavailable to check Rd xrefs: ‘breathteststan’
Flavor: r-release-macos-x86_64
Version: 0.8.0
Check: whether package can be installed
Result: ERROR
Installation failed.
Flavor: r-oldrel-macos-x86_64