CRAN Package Check Results for Package bridgesampling

Last updated on 2020-01-29 13:47:40 CET.

Flavor Version Tinstall Tcheck Ttotal Status Flags
r-devel-linux-x86_64-debian-clang 0.8-1 10.41 289.60 300.01 NOTE
r-devel-linux-x86_64-debian-gcc 0.8-1 8.18 227.55 235.73 NOTE
r-devel-linux-x86_64-fedora-clang 0.8-1 335.68 NOTE
r-devel-linux-x86_64-fedora-gcc 0.8-1 371.43 OK
r-devel-windows-ix86+x86_64 0.8-1 23.00 497.00 520.00 OK
r-devel-windows-ix86+x86_64-gcc8 0.8-1 30.00 406.00 436.00 OK
r-patched-linux-x86_64 0.8-1 NOTE
r-patched-solaris-x86 0.8-1 327.10 NOTE
r-release-linux-x86_64 0.8-1 7.81 270.01 277.82 NOTE
r-release-windows-ix86+x86_64 0.8-1 18.00 266.00 284.00 OK
r-release-osx-x86_64 0.8-1 OK
r-oldrel-windows-ix86+x86_64 0.8-1 20.00 324.00 344.00 OK
r-oldrel-osx-x86_64 0.8-1 OK

Check Details

Version: 0.8-1
Check: package dependencies
Result: NOTE
    Package suggested but not available for checking: 'rstanarm'
Flavors: r-devel-linux-x86_64-debian-clang, r-devel-linux-x86_64-debian-gcc, r-devel-linux-x86_64-fedora-clang, r-patched-linux-x86_64, r-patched-solaris-x86, r-release-linux-x86_64