CRAN Package Check Results for Package canvasXpress

Last updated on 2019-12-06 13:48:29 CET.

Flavor Version Tinstall Tcheck Ttotal Status Flags
r-devel-linux-x86_64-debian-clang 1.24.8 3.03 35.78 38.81 OK
r-devel-linux-x86_64-debian-gcc 1.24.8 2.55 28.10 30.65 OK
r-devel-linux-x86_64-fedora-clang 1.24.8 44.85 OK
r-devel-linux-x86_64-fedora-gcc 1.24.8 44.72 OK
r-devel-windows-ix86+x86_64 1.24.8 9.00 74.00 83.00 OK
r-devel-windows-ix86+x86_64-gcc8 1.24.8 8.00 56.00 64.00 OK
r-patched-linux-x86_64 1.24.8 2.30 32.93 35.23 OK
r-patched-solaris-x86 1.24.8 64.50 OK
r-release-linux-x86_64 1.24.8 2.74 33.18 35.92 OK
r-release-windows-ix86+x86_64 1.24.8 10.00 52.00 62.00 OK
r-release-osx-x86_64 1.24.8 NOTE
r-oldrel-windows-ix86+x86_64 1.24.8 5.00 79.00 84.00 OK
r-oldrel-osx-x86_64 1.24.8 OK

Check Details

Version: 1.24.8
Check: package dependencies
Result: NOTE
    Package suggested but not available for checking: ‘limma’
Flavor: r-release-osx-x86_64