CRAN Package Check Results for Package canvasXpress

Last updated on 2019-08-19 13:46:47 CEST.

Flavor Version Tinstall Tcheck Ttotal Status Flags
r-devel-linux-x86_64-debian-clang 1.24.8 3.46 32.88 36.34 OK
r-devel-linux-x86_64-debian-gcc 1.24.8 2.65 27.11 29.76 OK
r-devel-linux-x86_64-fedora-clang 1.24.8 44.47 OK
r-devel-linux-x86_64-fedora-gcc 1.24.8 42.22 OK
r-devel-windows-ix86+x86_64 1.24.8 13.00 70.00 83.00 OK
r-patched-linux-x86_64 1.24.8 2.86 32.66 35.52 OK
r-patched-solaris-x86 1.24.8 54.50 OK
r-release-linux-x86_64 1.24.8 2.98 32.57 35.55 OK
r-release-windows-ix86+x86_64 1.24.8 8.00 53.00 61.00 OK
r-release-osx-x86_64 1.24.8 NOTE
r-oldrel-windows-ix86+x86_64 1.24.8 8.00 71.00 79.00 OK
r-oldrel-osx-x86_64 1.24.8 OK

Check Details

Version: 1.24.8
Check: package dependencies
Result: NOTE
    Package suggested but not available for checking: ‘limma’
Flavor: r-release-osx-x86_64