CRAN Package Check Results for Package cccrm

Last updated on 2020-07-04 13:53:10 CEST.

Flavor Version Tinstall Tcheck Ttotal Status Flags
r-devel-linux-x86_64-debian-clang 2.0.1 6.64 48.74 55.38 OK
r-devel-linux-x86_64-debian-gcc 2.0.1 4.38 36.50 40.88 OK
r-devel-linux-x86_64-fedora-clang 2.0.1 74.43 OK
r-devel-linux-x86_64-fedora-gcc 2.0.1 63.58 OK
r-devel-windows-ix86+x86_64 2.0.1 18.00 83.00 101.00 OK
r-patched-linux-x86_64 2.0.1 4.75 47.73 52.48 OK
r-patched-solaris-x86 2.0.1 90.20 OK
r-release-linux-x86_64 2.0.1 5.17 47.74 52.91 OK
r-release-osx-x86_64 2.0.1 OK
r-release-windows-ix86+x86_64 2.0.1 13.00 57.00 70.00 OK
r-oldrel-osx-x86_64 2.0.1 ERROR
r-oldrel-windows-ix86+x86_64 1.2.1 10.00 69.00 79.00 OK

Check Details

Version: 2.0.1
Check: whether package can be installed
Result: ERROR
    Installation failed.
Flavor: r-oldrel-osx-x86_64