CRAN Package Check Results for Package censReg

Last updated on 2020-02-21 13:47:32 CET.

Flavor Version Tinstall Tcheck Ttotal Status Flags
r-devel-linux-x86_64-debian-clang 0.5-30 5.53 88.04 93.57 OK
r-devel-linux-x86_64-debian-gcc 0.5-30 4.71 62.12 66.83 OK
r-devel-linux-x86_64-fedora-clang 0.5-30 121.73 WARN
r-devel-linux-x86_64-fedora-gcc 0.5-30 108.58 OK
r-devel-windows-ix86+x86_64 0.5-30 10.00 108.00 118.00 OK
r-devel-windows-ix86+x86_64-gcc8 0.5-30 16.00 145.00 161.00 OK
r-patched-linux-x86_64 0.5-30 4.68 76.16 80.84 OK
r-patched-solaris-x86 0.5-30 150.60 OK
r-release-linux-x86_64 0.5-30 5.06 76.47 81.53 OK
r-release-windows-ix86+x86_64 0.5-30 9.00 105.00 114.00 OK
r-release-osx-x86_64 0.5-30 OK
r-oldrel-windows-ix86+x86_64 0.5-30 5.00 105.00 110.00 OK
r-oldrel-osx-x86_64 0.5-30 OK

Check Details

Version: 0.5-30
Check: package dependencies
Result: WARN
    Requires orphaned package: ‘plm’
Flavor: r-devel-linux-x86_64-fedora-clang