CRAN Package Check Results for Package checkmate

Last updated on 2020-01-26 13:47:23 CET.

Flavor Version Tinstall Tcheck Ttotal Status Flags
r-devel-linux-x86_64-debian-clang 1.9.4 10.18 74.99 85.17 OK
r-devel-linux-x86_64-debian-gcc 1.9.4 8.14 56.07 64.21 OK
r-devel-linux-x86_64-fedora-clang 1.9.4 101.02 NOTE
r-devel-linux-x86_64-fedora-gcc 1.9.4 99.60 OK
r-devel-windows-ix86+x86_64 1.9.4 54.00 144.00 198.00 OK
r-devel-windows-ix86+x86_64-gcc8 1.9.4 36.00 156.00 192.00 OK
r-patched-linux-x86_64 1.9.4 8.25 67.02 75.27 OK
r-patched-solaris-x86 1.9.4 111.00 OK
r-release-linux-x86_64 1.9.4 8.12 66.89 75.01 OK
r-release-windows-ix86+x86_64 1.9.4 27.00 102.00 129.00 OK
r-release-osx-x86_64 1.9.4 OK
r-oldrel-windows-ix86+x86_64 1.9.4 61.00 96.00 157.00 OK
r-oldrel-osx-x86_64 1.9.4 OK

Check Details

Version: 1.9.4
Check: package dependencies
Result: NOTE
    Suggests orphaned package: ‘bit’
Flavor: r-devel-linux-x86_64-fedora-clang