CRAN Package Check Results for Package climateStability

Last updated on 2019-11-13 13:46:57 CET.

Flavor Version Tinstall Tcheck Ttotal Status Flags
r-devel-linux-x86_64-debian-clang 0.1.1 7.85 84.33 92.18 OK
r-devel-linux-x86_64-debian-gcc 0.1.1 5.79 65.75 71.54 OK
r-devel-linux-x86_64-fedora-clang 0.1.1 114.50 NOTE
r-devel-linux-x86_64-fedora-gcc 0.1.1 110.16 NOTE
r-devel-windows-ix86+x86_64 0.1.1 21.00 90.00 111.00 OK
r-patched-linux-x86_64 0.1.1 6.88 81.74 88.62 OK
r-patched-solaris-x86 0.1.1 170.80 NOTE
r-release-linux-x86_64 0.1.1 6.08 81.76 87.84 OK
r-release-windows-ix86+x86_64 0.1.1 21.00 91.00 112.00 OK
r-release-osx-x86_64 0.1.1 NOTE
r-oldrel-windows-ix86+x86_64 0.1.1 9.00 122.00 131.00 OK
r-oldrel-osx-x86_64 0.1.1 NOTE

Check Details

Version: 0.1.1
Check: dependencies in R code
Result: NOTE
    Namespace in Imports field not imported from: ‘knitr’
     All declared Imports should be used.
Flavors: r-devel-linux-x86_64-fedora-clang, r-devel-linux-x86_64-fedora-gcc, r-patched-solaris-x86, r-release-osx-x86_64, r-oldrel-osx-x86_64