CRAN Package Check Results for Package clue

Last updated on 2019-08-19 13:46:47 CEST.

Flavor Version Tinstall Tcheck Ttotal Status Flags
r-devel-linux-x86_64-debian-clang 0.3-57 10.39 64.59 74.98 OK
r-devel-linux-x86_64-debian-gcc 0.3-57 8.09 51.16 59.25 OK
r-devel-linux-x86_64-fedora-clang 0.3-57 95.74 OK
r-devel-linux-x86_64-fedora-gcc 0.3-57 92.26 OK
r-devel-windows-ix86+x86_64 0.3-57 35.00 151.00 186.00 OK
r-patched-linux-x86_64 0.3-57 8.66 63.31 71.97 OK
r-patched-solaris-x86 0.3-57 129.50 NOTE
r-release-linux-x86_64 0.3-57 9.08 63.74 72.82 OK
r-release-windows-ix86+x86_64 0.3-57 23.00 101.00 124.00 OK
r-release-osx-x86_64 0.3-57 OK
r-oldrel-windows-ix86+x86_64 0.3-57 64.00 119.00 183.00 OK
r-oldrel-osx-x86_64 0.3-57 OK

Check Details

Version: 0.3-57
Check: package dependencies
Result: NOTE
    Package which this enhances but not available for checking: ‘RWeka’
Flavor: r-patched-solaris-x86