CRAN Package Check Results for Package clue

Last updated on 2019-12-05 13:46:37 CET.

Flavor Version Tinstall Tcheck Ttotal Status Flags
r-devel-linux-x86_64-debian-clang 0.3-57 9.91 70.36 80.27 OK
r-devel-linux-x86_64-debian-gcc 0.3-57 7.66 53.96 61.62 OK
r-devel-linux-x86_64-fedora-clang 0.3-57 92.97 OK
r-devel-linux-x86_64-fedora-gcc 0.3-57 91.49 OK
r-devel-windows-ix86+x86_64 0.3-57 22.00 137.00 159.00 OK
r-devel-windows-ix86+x86_64-gcc8 0.3-57 20.00 109.00 129.00 OK
r-patched-linux-x86_64 0.3-57 8.92 64.61 73.53 OK
r-patched-solaris-x86 0.3-57 131.80 NOTE
r-release-linux-x86_64 0.3-57 8.03 64.48 72.51 OK
r-release-windows-ix86+x86_64 0.3-57 30.00 96.00 126.00 OK
r-release-osx-x86_64 0.3-57 OK
r-oldrel-windows-ix86+x86_64 0.3-57 20.00 124.00 144.00 OK
r-oldrel-osx-x86_64 0.3-57 OK

Check Details

Version: 0.3-57
Check: package dependencies
Result: NOTE
    Package which this enhances but not available for checking: ‘RWeka’
Flavor: r-patched-solaris-x86