CRAN Package Check Results for Package colourvalues

Last updated on 2019-10-15 13:46:49 CEST.

Flavor Version Tinstall Tcheck Ttotal Status Flags
r-devel-linux-x86_64-debian-clang 0.3.0 88.26 27.15 115.41 OK
r-devel-linux-x86_64-debian-gcc 0.3.0 94.62 22.01 116.63 OK
r-devel-linux-x86_64-fedora-clang 0.3.0 159.86 NOTE
r-devel-linux-x86_64-fedora-gcc 0.3.0 240.87 OK
r-devel-windows-ix86+x86_64 0.3.0 244.00 72.00 316.00 OK
r-patched-linux-x86_64 0.3.0 102.24 26.72 128.96 OK
r-patched-solaris-x86 0.3.0 147.80 OK
r-release-linux-x86_64 0.3.0 102.52 26.94 129.46 OK
r-release-windows-ix86+x86_64 0.3.0 249.00 68.00 317.00 OK
r-release-osx-x86_64 0.3.0 NOTE
r-oldrel-windows-ix86+x86_64 0.3.0 167.00 75.00 242.00 OK
r-oldrel-osx-x86_64 0.3.0 NOTE

Additional issues

valgrind

Check Details

Version: 0.3.0
Check: installed package size
Result: NOTE
     installed size is 8.4Mb
     sub-directories of 1Mb or more:
     libs 7.2Mb
Flavors: r-devel-linux-x86_64-fedora-clang, r-release-osx-x86_64, r-oldrel-osx-x86_64