Last updated on 2021-01-16 07:49:12 CET.
Flavor | Version | Tinstall | Tcheck | Ttotal | Status | Flags |
---|---|---|---|---|---|---|
r-devel-linux-x86_64-debian-clang | 2.7.7 | 15.38 | 155.81 | 171.19 | OK | |
r-devel-linux-x86_64-debian-gcc | 2.7.7 | 12.33 | 119.30 | 131.63 | OK | |
r-devel-linux-x86_64-fedora-clang | 2.7.7 | 207.18 | NOTE | |||
r-devel-linux-x86_64-fedora-gcc | 2.7.7 | 196.06 | OK | |||
r-devel-windows-ix86+x86_64 | 2.7.7 | 24.00 | 152.00 | 176.00 | OK | |
r-patched-linux-x86_64 | 2.7.7 | 9.46 | 141.29 | 150.75 | OK | |
r-patched-solaris-x86 | 2.7.7 | 285.40 | OK | |||
r-release-linux-x86_64 | 2.7.7 | 10.60 | 146.04 | 156.64 | OK | |
r-release-macos-x86_64 | 2.7.7 | OK | ||||
r-release-windows-ix86+x86_64 | 2.7.7 | 30.00 | 153.00 | 183.00 | OK | |
r-oldrel-macos-x86_64 | 2.7.7 | ERROR | ||||
r-oldrel-windows-ix86+x86_64 | 2.5.0 | 31.00 | 337.00 | 368.00 | OK |
Version: 2.7.7
Check: Rd cross-references
Result: NOTE
Undeclared package ‘rlang’ in Rd xrefs
Flavor: r-devel-linux-x86_64-fedora-clang
Version: 2.7.7
Check: whether package can be installed
Result: ERROR
Installation failed.
Flavor: r-oldrel-macos-x86_64