Last updated on 2021-01-18 06:46:30 CET.
Flavor | Version | Tinstall | Tcheck | Ttotal | Status | Flags |
---|---|---|---|---|---|---|
r-devel-linux-x86_64-debian-clang | 0.1.1 | 5.61 | 66.09 | 71.70 | OK | |
r-devel-linux-x86_64-debian-gcc | 0.1.1 | 4.80 | 48.47 | 53.27 | OK | |
r-devel-linux-x86_64-fedora-clang | 0.1.1 | 92.48 | NOTE | |||
r-devel-linux-x86_64-fedora-gcc | 0.1.1 | 78.51 | NOTE | |||
r-devel-windows-ix86+x86_64 | 0.1.1 | 10.00 | 66.00 | 76.00 | OK | |
r-patched-linux-x86_64 | 0.1.1 | 5.75 | 60.12 | 65.87 | OK | |
r-patched-solaris-x86 | 0.1.1 | 105.60 | NOTE | |||
r-release-linux-x86_64 | 0.1.1 | 6.03 | 60.89 | 66.92 | OK | |
r-release-macos-x86_64 | 0.1.1 | NOTE | ||||
r-release-windows-ix86+x86_64 | 0.1.1 | 11.00 | 57.00 | 68.00 | OK | |
r-oldrel-macos-x86_64 | 0.1.1 | NOTE | ||||
r-oldrel-windows-ix86+x86_64 | 0.1.1 | 11.00 | 60.00 | 71.00 | OK |
Version: 0.1.1
Check: dependencies in R code
Result: NOTE
Namespace in Imports field not imported from: ‘cli’
All declared Imports should be used.
Flavors: r-devel-linux-x86_64-fedora-clang, r-devel-linux-x86_64-fedora-gcc, r-patched-solaris-x86, r-release-macos-x86_64, r-oldrel-macos-x86_64
Version: 0.1.1
Check: Rd cross-references
Result: NOTE
Undeclared packages ‘fungible’, ‘psych’ in Rd xrefs
Flavor: r-devel-linux-x86_64-fedora-clang