CRAN Package Check Results for Package conflr

Last updated on 2020-10-31 13:47:57 CET.

Flavor Version Tinstall Tcheck Ttotal Status Flags
r-devel-linux-x86_64-debian-clang 0.1.1 3.41 29.08 32.49 OK
r-devel-linux-x86_64-debian-gcc 0.1.1 2.63 22.66 25.29 OK
r-devel-linux-x86_64-fedora-clang 0.1.1 47.83 NOTE
r-devel-linux-x86_64-fedora-gcc 0.1.1 57.60 NOTE
r-devel-windows-ix86+x86_64 0.1.1 8.00 53.00 61.00 OK
r-patched-linux-x86_64 0.1.1 3.92 27.45 31.37 OK
r-patched-solaris-x86 0.1.1 53.80 NOTE
r-release-linux-x86_64 0.1.1 3.57 27.53 31.10 OK
r-release-macos-x86_64 0.1.1 NOTE
r-release-windows-ix86+x86_64 0.1.1 6.00 54.00 60.00 OK
r-oldrel-macos-x86_64 0.1.1 NOTE
r-oldrel-windows-ix86+x86_64 0.1.1 6.00 39.00 45.00 OK

Check Details

Version: 0.1.1
Check: dependencies in R code
Result: NOTE
    Namespace in Imports field not imported from: ‘R6’
     All declared Imports should be used.
Flavors: r-devel-linux-x86_64-fedora-clang, r-devel-linux-x86_64-fedora-gcc, r-patched-solaris-x86, r-release-macos-x86_64, r-oldrel-macos-x86_64