CRAN Package Check Results for Package congressbr

Last updated on 2020-02-23 07:49:19 CET.

Flavor Version Tinstall Tcheck Ttotal Status Flags
r-devel-linux-x86_64-debian-clang 0.2.2 11.88 82.78 94.66 OK
r-devel-linux-x86_64-debian-gcc 0.2.2 9.56 61.88 71.44 OK
r-devel-linux-x86_64-fedora-clang 0.2.2 61.47 NOTE
r-devel-linux-x86_64-fedora-gcc 0.2.2 110.42 NOTE
r-devel-windows-ix86+x86_64 0.2.2 19.00 141.00 160.00 OK
r-devel-windows-ix86+x86_64-gcc8 0.2.2 28.00 189.00 217.00 OK
r-patched-linux-x86_64 0.2.2 OK
r-patched-solaris-x86 0.2.2 147.60 WARN
r-release-linux-x86_64 0.2.2 8.96 73.21 82.17 OK
r-release-windows-ix86+x86_64 0.2.2 18.00 137.00 155.00 OK
r-release-osx-x86_64 0.2.2 NOTE
r-oldrel-windows-ix86+x86_64 0.2.2 13.00 135.00 148.00 OK
r-oldrel-osx-x86_64 0.2.2 NOTE

Check Details

Version: 0.2.2
Check: data for non-ASCII characters
Result: NOTE
     Note: found 1 marked UTF-8 string
Flavors: r-devel-linux-x86_64-fedora-clang, r-devel-linux-x86_64-fedora-gcc, r-patched-solaris-x86, r-release-osx-x86_64, r-oldrel-osx-x86_64

Version: 0.2.2
Check: re-building of vignette outputs
Result: WARN
    Error(s) in re-building vignettes:
     ...
    --- re-building ‘chamber.Rmd’ using rmarkdown
    Warning in engine$weave(file, quiet = quiet, encoding = enc) :
     Pandoc (>= 1.12.3) and/or pandoc-citeproc not available. Falling back to R Markdown v1.
    Quitting from lines 64-65 (chamber.Rmd)
    Error: processing vignette 'chamber.Rmd' failed with diagnostics:
    Timeout was reached: [www.camara.leg.br] Operation timed out after 10062 milliseconds with 0 out of 0 bytes received
    --- failed re-building ‘chamber.Rmd’
    
    --- re-building ‘senate.Rmd’ using rmarkdown
    Warning in engine$weave(file, quiet = quiet, encoding = enc) :
     Pandoc (>= 1.12.3) and/or pandoc-citeproc not available. Falling back to R Markdown v1.
    Loading required package: dplyr
    
    Attaching package: 'dplyr'
    
    The following objects are masked from 'package:stats':
    
     filter, lag
    
    The following objects are masked from 'package:base':
    
     intersect, setdiff, setequal, union
    
    --- finished re-building ‘senate.Rmd’
    
    SUMMARY: processing the following file failed:
     ‘chamber.Rmd’
    
    Error: Vignette re-building failed.
    Execution halted
Flavor: r-patched-solaris-x86