CRAN Package Check Results for Package congressbr

Last updated on 2019-09-22 13:46:08 CEST.

Flavor Version Tinstall Tcheck Ttotal Status Flags
r-devel-linux-x86_64-debian-clang 0.2.1 9.76 74.75 84.51 OK
r-devel-linux-x86_64-debian-gcc 0.2.1 7.84 56.84 64.68 OK
r-devel-linux-x86_64-fedora-clang 0.2.1 100.15 NOTE
r-devel-linux-x86_64-fedora-gcc 0.2.1 100.61 NOTE
r-devel-windows-ix86+x86_64 0.2.1 27.00 182.00 209.00 OK
r-patched-linux-x86_64 0.2.1 9.18 73.88 83.06 OK
r-patched-solaris-x86 0.2.1 140.60 NOTE
r-release-linux-x86_64 0.2.1 9.40 73.31 82.71 OK
r-release-windows-ix86+x86_64 0.2.1 17.00 144.00 161.00 OK
r-release-osx-x86_64 0.2.1 NOTE
r-oldrel-windows-ix86+x86_64 0.2.1 13.00 208.00 221.00 OK
r-oldrel-osx-x86_64 0.2.1 NOTE

Check Details

Version: 0.2.1
Check: data for non-ASCII characters
Result: NOTE
     Note: found 1 marked UTF-8 string
Flavors: r-devel-linux-x86_64-fedora-clang, r-devel-linux-x86_64-fedora-gcc, r-patched-solaris-x86, r-release-osx-x86_64, r-oldrel-osx-x86_64