CRAN Package Check Results for Package conquestr

Last updated on 2021-01-15 07:50:39 CET.

Flavor Version Tinstall Tcheck Ttotal Status Flags
r-devel-linux-x86_64-debian-clang 0.8.5 24.61 51.59 76.20 OK
r-devel-linux-x86_64-debian-gcc 0.8.5 13.99 38.70 52.69 OK
r-devel-linux-x86_64-fedora-clang 0.8.5 103.27 NOTE
r-devel-linux-x86_64-fedora-gcc 0.8.5 88.96 NOTE
r-devel-windows-ix86+x86_64 0.8.5 54.00 108.00 162.00 OK
r-patched-linux-x86_64 0.8.5 18.37 49.21 67.58 OK
r-patched-solaris-x86 0.8.5 108.00 NOTE
r-release-linux-x86_64 0.8.5 16.15 49.21 65.36 OK
r-release-macos-x86_64 0.8.5 NOTE
r-release-windows-ix86+x86_64 0.8.5 46.00 88.00 134.00 OK
r-oldrel-macos-x86_64 0.8.5 NOTE
r-oldrel-windows-ix86+x86_64 0.8.5 35.00 76.00 111.00 OK

Check Details

Version: 0.8.5
Check: dependencies in R code
Result: NOTE
    Namespace in Imports field not imported from: ‘reshape’
     All declared Imports should be used.
Flavors: r-devel-linux-x86_64-fedora-clang, r-devel-linux-x86_64-fedora-gcc, r-patched-solaris-x86, r-release-macos-x86_64, r-oldrel-macos-x86_64