CRAN Package Check Results for Package convey

Last updated on 2019-09-22 13:46:08 CEST.

Flavor Version Tinstall Tcheck Ttotal Status Flags
r-devel-linux-x86_64-debian-clang 0.2.1 14.12 190.45 204.57 NOTE
r-devel-linux-x86_64-debian-gcc 0.2.1 11.72 144.19 155.91 NOTE
r-devel-linux-x86_64-fedora-clang 0.2.1 235.59 NOTE
r-devel-linux-x86_64-fedora-gcc 0.2.1 239.56 NOTE
r-devel-windows-ix86+x86_64 0.2.1 31.00 199.00 230.00 OK
r-patched-linux-x86_64 0.2.1 13.08 183.99 197.07 NOTE
r-patched-solaris-x86 0.2.1 351.00 NOTE
r-release-linux-x86_64 0.2.1 14.87 182.31 197.18 NOTE
r-release-windows-ix86+x86_64 0.2.1 22.00 194.00 216.00 OK
r-release-osx-x86_64 0.2.1 OK
r-oldrel-windows-ix86+x86_64 0.2.1 14.00 205.00 219.00 OK
r-oldrel-osx-x86_64 0.2.1 OK

Check Details

Version: 0.2.1
Check: package dependencies
Result: NOTE
    Package suggested but not available for checking: 'MonetDBLite'
Flavors: r-devel-linux-x86_64-debian-clang, r-devel-linux-x86_64-debian-gcc, r-devel-linux-x86_64-fedora-clang, r-devel-linux-x86_64-fedora-gcc, r-patched-linux-x86_64, r-patched-solaris-x86, r-release-linux-x86_64