CRAN Package Check Results for Package convey

Last updated on 2020-02-22 13:46:51 CET.

Flavor Version Tinstall Tcheck Ttotal Status Flags
r-devel-linux-x86_64-debian-clang 0.2.1 14.32 215.65 229.97 NOTE
r-devel-linux-x86_64-debian-gcc 0.2.1 12.55 155.57 168.12 NOTE
r-devel-linux-x86_64-fedora-clang 0.2.1 260.44 NOTE
r-devel-linux-x86_64-fedora-gcc 0.2.1 263.24 NOTE
r-devel-windows-ix86+x86_64 0.2.1 24.00 206.00 230.00 OK
r-devel-windows-ix86+x86_64-gcc8 0.2.1 35.00 261.00 296.00 NOTE
r-patched-linux-x86_64 0.2.1 NOTE
r-patched-solaris-x86 0.2.1 354.40 NOTE
r-release-linux-x86_64 0.2.1 12.52 181.23 193.75 NOTE
r-release-windows-ix86+x86_64 0.2.1 22.00 202.00 224.00 OK
r-release-osx-x86_64 0.2.1 OK
r-oldrel-windows-ix86+x86_64 0.2.1 18.00 205.00 223.00 OK
r-oldrel-osx-x86_64 0.2.1 OK

Check Details

Version: 0.2.1
Check: package dependencies
Result: NOTE
    Package suggested but not available for checking: 'MonetDBLite'
Flavors: r-devel-linux-x86_64-debian-clang, r-devel-linux-x86_64-debian-gcc, r-devel-linux-x86_64-fedora-clang, r-devel-linux-x86_64-fedora-gcc, r-devel-windows-ix86+x86_64-gcc8, r-patched-linux-x86_64, r-patched-solaris-x86, r-release-linux-x86_64