Last updated on 2021-01-24 07:50:43 CET.
Flavor | Version | Tinstall | Tcheck | Ttotal | Status | Flags |
---|---|---|---|---|---|---|
r-devel-linux-x86_64-debian-clang | 0.1.0 | 2.02 | 32.33 | 34.35 | OK | |
r-devel-linux-x86_64-debian-gcc | 0.1.0 | 1.57 | 24.44 | 26.01 | OK | |
r-devel-linux-x86_64-fedora-clang | 0.1.0 | 49.93 | NOTE | |||
r-devel-linux-x86_64-fedora-gcc | 0.1.0 | 40.81 | NOTE | |||
r-devel-windows-ix86+x86_64 | 0.1.0 | 5.00 | 48.00 | 53.00 | OK | |
r-patched-linux-x86_64 | 0.1.0 | 1.99 | 30.99 | 32.98 | OK | |
r-patched-solaris-x86 | 0.1.0 | 60.60 | NOTE | |||
r-release-linux-x86_64 | 0.1.0 | 1.87 | 31.13 | 33.00 | OK | |
r-release-macos-x86_64 | 0.1.0 | NOTE | ||||
r-release-windows-ix86+x86_64 | 0.1.0 | 5.00 | 50.00 | 55.00 | OK | |
r-oldrel-macos-x86_64 | 0.1.0 | NOTE | ||||
r-oldrel-windows-ix86+x86_64 | 0.1.0 | 3.00 | 50.00 | 53.00 | OK |
Version: 0.1.0
Check: dependencies in R code
Result: NOTE
Namespace in Imports field not imported from: ‘lubridate’
All declared Imports should be used.
Flavors: r-devel-linux-x86_64-fedora-clang, r-devel-linux-x86_64-fedora-gcc, r-patched-solaris-x86, r-release-macos-x86_64, r-oldrel-macos-x86_64