CRAN Package Check Results for Package ctmm

Last updated on 2020-07-11 13:50:06 CEST.

Flavor Version Tinstall Tcheck Ttotal Status Flags
r-devel-linux-x86_64-debian-clang 0.5.10 30.90 295.47 326.37 OK --no-vignettes
r-devel-linux-x86_64-debian-gcc 0.5.10 28.45 231.48 259.93 OK --no-vignettes
r-devel-linux-x86_64-fedora-gcc 0.5.10 398.14 OK --no-vignettes
r-devel-windows-ix86+x86_64 0.5.10 211.00 883.00 1094.00 OK --no-vignettes
r-patched-linux-x86_64 0.5.10 30.24 292.77 323.01 OK --no-vignettes
r-patched-solaris-x86 0.5.10 519.80 OK --no-vignettes
r-release-linux-x86_64 0.5.10 31.32 293.54 324.86 OK --no-vignettes
r-release-osx-x86_64 0.5.10 FAIL
r-release-windows-ix86+x86_64 0.5.10 173.00 954.00 1127.00 OK --no-vignettes
r-oldrel-osx-x86_64 0.5.10 FAIL
r-oldrel-windows-ix86+x86_64 0.5.10 331.00 823.00 1154.00 OK --no-vignettes

Check Details

Version: 0.5.10
Check: re-building of vignette outputs
Result: WARN
    Error(s) in re-building vignettes:
     ...
    --- re-building ‘akde.Rmd’ using rmarkdown
    --- finished re-building ‘akde.Rmd’
    
    --- re-building ‘error.Rmd’ using rmarkdown
    --- finished re-building ‘error.Rmd’
    
    --- re-building ‘periodogram.Rmd’ using rmarkdown
    --- finished re-building ‘periodogram.Rmd’
    
    --- re-building ‘variogram.Rmd’ using rmarkdown
    
    Execution halted
    SUMMARY: processing the following file failed:
     ‘variogram.Rmd’
    
    Error: Vignette re-building failed.
    Execution halted
Flavor: r-release-osx-x86_64

Version: 0.5.10
Check: PDF version of manual
Result: FAIL
Flavor: r-release-osx-x86_64

Version: 0.5.10
Check: re-building of vignette outputs
Result: FAIL
Flavor: r-oldrel-osx-x86_64