CRAN Package Check Results for Package cultevo

Last updated on 2020-02-21 13:47:33 CET.

Flavor Version Tinstall Tcheck Ttotal Status Flags
r-devel-linux-x86_64-debian-clang 1.0.2 3.99 319.72 323.71 OK
r-devel-linux-x86_64-debian-gcc 1.0.2 3.05 245.48 248.53 OK
r-devel-linux-x86_64-fedora-clang 1.0.2 369.99 OK
r-devel-linux-x86_64-fedora-gcc 1.0.2 364.72 OK
r-devel-windows-ix86+x86_64 1.0.2 10.00 320.00 330.00 OK
r-devel-windows-ix86+x86_64-gcc8 1.0.2 16.00 408.00 424.00 OK
r-patched-linux-x86_64 1.0.2 2.89 291.08 293.97 OK
r-patched-solaris-x86 1.0.2 694.50 OK
r-release-linux-x86_64 1.0.2 2.64 285.58 288.22 OK
r-release-windows-ix86+x86_64 1.0.2 6.00 305.00 311.00 OK
r-release-osx-x86_64 1.0.2 NOTE
r-oldrel-windows-ix86+x86_64 1.0.2 4.00 56.00 60.00 OK
r-oldrel-osx-x86_64 1.0.2 NOTE

Check Details

Version: 1.0.2
Check: dependencies in R code
Result: NOTE
    Namespace in Imports field not imported from: ‘pspearman’
     All declared Imports should be used.
Flavors: r-release-osx-x86_64, r-oldrel-osx-x86_64