CRAN Package Check Results for Package curl

Last updated on 2019-07-22 13:46:53 CEST.

Flavor Version Tinstall Tcheck Ttotal Status Flags
r-devel-linux-x86_64-debian-clang 3.3 4.14 31.46 35.60 ERROR
r-devel-linux-x86_64-debian-gcc 3.3 4.11 26.37 30.48 ERROR
r-devel-linux-x86_64-fedora-clang 3.3 46.15 NOTE
r-devel-linux-x86_64-fedora-gcc 3.3 42.84 NOTE
r-devel-windows-ix86+x86_64 3.3 84.00 199.00 283.00 NOTE
r-patched-linux-x86_64 3.3 5.18 32.31 37.49 NOTE
r-patched-solaris-x86 3.3 66.60 NOTE
r-release-linux-x86_64 3.3 4.93 32.11 37.04 NOTE
r-release-windows-ix86+x86_64 3.3 84.00 205.00 289.00 NOTE
r-release-osx-x86_64 3.3 ERROR
r-oldrel-windows-ix86+x86_64 3.3 117.00 221.00 338.00 NOTE
r-oldrel-osx-x86_64 3.3 NOTE

Additional issues

LTO

Check Details

Version: 3.3
Check: compiled code
Result: NOTE
    File 'curl/libs/curl.so':
     Found non-API call to R: 'R_new_custom_connection'
    
    Compiled code should not call non-API entry points in R.
    
    See 'Writing portable packages' in the 'Writing R Extensions' manual.
Flavors: r-devel-linux-x86_64-debian-clang, r-devel-linux-x86_64-debian-gcc, r-devel-linux-x86_64-fedora-clang, r-devel-linux-x86_64-fedora-gcc, r-patched-linux-x86_64, r-patched-solaris-x86, r-release-linux-x86_64, r-release-osx-x86_64, r-oldrel-osx-x86_64

Version: 3.3
Check: tests
Result: ERROR
     Running 'spelling.R' [0s/1s]
     Running 'testthat.R' [5s/61s]
    Running the tests in 'tests/testthat.R' failed.
    Complete output:
     > library(testthat)
     > library(curl)
     >
     > # Comply with CRAN policy: skip tests if no internet
     > if(curl::has_internet()){
     + test_check("curl")
     + }
     This is libcurl version 7.65.1 with GnuTLS/3.6.8
     Using test server: http://hb.opencpu.org
     -- 1. Failure: total_con and multi_fdset (@test-multi.R#152) ------------------
     c(fdset$reads, fdset$writes) has length 3, not length 4.
    
     -- 2. Failure: host_con and multi_fdset (@test-multi.R#169) -------------------
     c(fdset$reads, fdset$writes) has length 3, not length 4.
    
     == testthat results ===========================================================
     OK: 195 SKIPPED: 2 WARNINGS: 0 FAILED: 2
     1. Failure: total_con and multi_fdset (@test-multi.R#152)
     2. Failure: host_con and multi_fdset (@test-multi.R#169)
    
     Error: testthat unit tests failed
     Execution halted
Flavor: r-devel-linux-x86_64-debian-clang

Version: 3.3
Check: tests
Result: ERROR
     Running ‘spelling.R’ [0s/1s]
     Running ‘testthat.R’ [5s/61s]
    Running the tests in ‘tests/testthat.R’ failed.
    Complete output:
     > library(testthat)
     > library(curl)
     >
     > # Comply with CRAN policy: skip tests if no internet
     > if(curl::has_internet()){
     + test_check("curl")
     + }
     This is libcurl version 7.65.1 with GnuTLS/3.6.8
     Using test server: http://hb.opencpu.org
     ── 1. Failure: total_con and multi_fdset (@test-multi.R#152) ──────────────────
     c(fdset$reads, fdset$writes) has length 3, not length 4.
    
     ── 2. Failure: host_con and multi_fdset (@test-multi.R#169) ───────────────────
     c(fdset$reads, fdset$writes) has length 3, not length 4.
    
     ══ testthat results ═══════════════════════════════════════════════════════════
     OK: 195 SKIPPED: 2 WARNINGS: 0 FAILED: 2
     1. Failure: total_con and multi_fdset (@test-multi.R#152)
     2. Failure: host_con and multi_fdset (@test-multi.R#169)
    
     Error: testthat unit tests failed
     Execution halted
Flavor: r-devel-linux-x86_64-debian-gcc

Version: 3.3
Check: installed package size
Result: NOTE
     installed size is 6.5Mb
     sub-directories of 1Mb or more:
     libs 5.5Mb
Flavors: r-devel-windows-ix86+x86_64, r-release-windows-ix86+x86_64, r-oldrel-windows-ix86+x86_64

Version: 3.3
Check: compiled code
Result: NOTE
    File 'curl/libs/i386/curl.dll':
     Found non-API call to R: 'R_new_custom_connection'
    File 'curl/libs/x64/curl.dll':
     Found non-API call to R: 'R_new_custom_connection'
    
    Compiled code should not call non-API entry points in R.
    
    See 'Writing portable packages' in the 'Writing R Extensions' manual.
Flavors: r-devel-windows-ix86+x86_64, r-release-windows-ix86+x86_64, r-oldrel-windows-ix86+x86_64

Version: 3.3
Check: tests
Result: ERROR
     Running ‘spelling.R’ [0s/1s]
     Running ‘testthat.R’ [0s/1s]
    Running the tests in ‘tests/testthat.R’ failed.
    Complete output:
     > library(testthat)
     Error: package or namespace load failed for 'testthat' in loadNamespace(j <- i[[1L]], c(lib.loc, .libPaths()), versionCheck = vI[[j]]):
     there is no package called 'R6'
     Execution halted
Flavor: r-release-osx-x86_64