CRAN Package Check Results for Package cusum

Last updated on 2019-08-19 13:46:48 CEST.

Flavor Version Tinstall Tcheck Ttotal Status Flags
r-devel-linux-x86_64-debian-clang 0.3.0 2.71 49.28 51.99 OK
r-devel-linux-x86_64-debian-gcc 0.3.0 2.23 37.75 39.98 OK
r-devel-linux-x86_64-fedora-clang 0.3.0 61.07 NOTE
r-devel-linux-x86_64-fedora-gcc 0.3.0 58.21 NOTE
r-devel-windows-ix86+x86_64 0.3.0 9.00 71.00 80.00 OK
r-patched-linux-x86_64 0.3.0 2.25 44.65 46.90 OK
r-patched-solaris-x86 0.3.0 86.70 NOTE
r-release-linux-x86_64 0.3.0 2.33 44.44 46.77 OK
r-release-windows-ix86+x86_64 0.3.0 5.00 57.00 62.00 OK
r-release-osx-x86_64 0.3.0 NOTE
r-oldrel-windows-ix86+x86_64 0.3.0 5.00 73.00 78.00 OK
r-oldrel-osx-x86_64 0.3.0 NOTE

Check Details

Version: 0.3.0
Check: dependencies in R code
Result: NOTE
    Namespace in Imports field not imported from: ‘Rcpp’
     All declared Imports should be used.
Flavors: r-devel-linux-x86_64-fedora-clang, r-devel-linux-x86_64-fedora-gcc, r-patched-solaris-x86, r-release-osx-x86_64, r-oldrel-osx-x86_64